{"id":965,"date":"2024-07-02T22:52:23","date_gmt":"2024-07-02T22:52:23","guid":{"rendered":"https:\/\/editamos.com.mx\/BecaGrijalbo\/?page_id=965"},"modified":"2024-07-02T22:54:02","modified_gmt":"2024-07-02T22:54:02","slug":"lucia-cano","status":"publish","type":"page","link":"https:\/\/editamos.com.mx\/BecaGrijalbo\/lucia-cano\/","title":{"rendered":"Lucia Cano"},"content":{"rendered":"\t\t<div data-elementor-type=\"wp-page\" data-elementor-id=\"965\" class=\"elementor elementor-965\">\n\t\t\t\t<div class=\"elementor-element elementor-element-ee4d9fa e-grid e-con-boxed e-con e-parent\" data-id=\"ee4d9fa\" data-element_type=\"container\">\n\t\t\t\t\t<div class=\"e-con-inner\">\n\t\t\t\t<div class=\"elementor-element elementor-element-248726c elementor-widget elementor-widget-image\" data-id=\"248726c\" data-element_type=\"widget\" data-widget_type=\"image.default\">\n\t\t\t\t<div class=\"elementor-widget-container\">\n\t\t\t\t\t\t\t\t\t\t\t\t\t\t\t<img fetchpriority=\"high\" decoding=\"async\" width=\"690\" height=\"690\" src=\"https:\/\/editamos.com.mx\/BecaGrijalbo\/wp-content\/uploads\/2024\/07\/Foto-Lucia-Cano-modified-1024x1024.png\" class=\"attachment-large size-large wp-image-915\" alt=\"\" srcset=\"https:\/\/editamos.com.mx\/BecaGrijalbo\/wp-content\/uploads\/2024\/07\/Foto-Lucia-Cano-modified-1024x1024.png 1024w, https:\/\/editamos.com.mx\/BecaGrijalbo\/wp-content\/uploads\/2024\/07\/Foto-Lucia-Cano-modified-300x300.png 300w, https:\/\/editamos.com.mx\/BecaGrijalbo\/wp-content\/uploads\/2024\/07\/Foto-Lucia-Cano-modified-150x150.png 150w, https:\/\/editamos.com.mx\/BecaGrijalbo\/wp-content\/uploads\/2024\/07\/Foto-Lucia-Cano-modified-768x768.png 768w, https:\/\/editamos.com.mx\/BecaGrijalbo\/wp-content\/uploads\/2024\/07\/Foto-Lucia-Cano-modified-1536x1536.png 1536w, https:\/\/editamos.com.mx\/BecaGrijalbo\/wp-content\/uploads\/2024\/07\/Foto-Lucia-Cano-modified-2048x2048.png 2048w\" sizes=\"(max-width: 690px) 100vw, 690px\" \/>\t\t\t\t\t\t\t\t\t\t\t\t\t\t\t<\/div>\n\t\t\t\t<\/div>\n\t\t\t\t<div class=\"elementor-element elementor-element-a2c4b0b elementor-widget elementor-widget-text-editor\" data-id=\"a2c4b0b\" data-element_type=\"widget\" data-widget_type=\"text-editor.default\">\n\t\t\t\t<div class=\"elementor-widget-container\">\n\t\t\t\t\t\t\t\t\t<p id=\"u6689-2\"><strong>Lucia Cano<\/strong><\/p><p>Estudi\u00e9 la licenciatura de Comunicaci\u00f3n Gr\u00e1fica en la <strong>Escuela Nacional de Artes Pl\u00e1sticas<\/strong> y una Maestr\u00eda en Administraci\u00f3n en la divisi\u00f3n de posgrado de la <strong>Facultad de Contadur\u00eda y administraci\u00f3n<\/strong>.<\/p><p>Toda mi trayectoria laboral se ha desarrollado en empresas multinacionales relacionadas con las artes gr\u00e1ficas. Inicialmente en Premedia en RRDonnelley hoy LSC Communications y posteriormente en \u00e1reas operativas en Quebecor World hoy Quadgraphics.<\/p><p>Desde el 2006 me desempe\u00f1o como Gerente de Producci\u00f3n en <strong><a href=\"https:\/\/editamos.com.mx\/BecaGrijalbo\/penguin-random-house\/\">Penguin Random House Grupo Editorial<\/a><\/strong>, en donde tengo a mi cargo el c\u00e1lculo de costos de producci\u00f3n, suministro de papel as\u00ed como la selecci\u00f3n de proveedores nacionales e internacionales, supervisi\u00f3n de procesos de preprensa, impresi\u00f3n, encuadernaci\u00f3n y acabados con enfoque a calidad y tiempos de entrega. Administraci\u00f3n y control de ordenes de compra en libros f\u00edsicos, ebooks y audiolibros. Actualmente me encuentro liderando proyectos de sustentabilidad, implementaci\u00f3n del sistema SAP y participo en el laboratorio de innovaci\u00f3n Penguin Lab.<\/p>\t\t\t\t\t\t\t\t<\/div>\n\t\t\t\t<\/div>\n\t\t\t\t\t<\/div>\n\t\t\t\t<\/div>\n\t\t\t\t<\/div>\n\t\t","protected":false},"excerpt":{"rendered":"<p>Lucia Cano Estudi\u00e9 la licenciatura de Comunicaci\u00f3n Gr\u00e1fica en la Escuela Nacional de Artes Pl\u00e1sticas y una Maestr\u00eda en Administraci\u00f3n en la divisi\u00f3n de posgrado de la Facultad de Contadur\u00eda <a class=\"more-link\" href=\"https:\/\/editamos.com.mx\/BecaGrijalbo\/lucia-cano\/\">Seguir leyendo &rarr;<\/a><\/p>\n","protected":false},"author":1,"featured_media":0,"parent":0,"menu_order":0,"comment_status":"closed","ping_status":"closed","template":"elementor_header_footer","meta":{"footnotes":""},"class_list":["post-965","page","type-page","status-publish","hentry"],"_links":{"self":[{"href":"https:\/\/editamos.com.mx\/BecaGrijalbo\/wp-json\/wp\/v2\/pages\/965","targetHints":{"allow":["GET"]}}],"collection":[{"href":"https:\/\/editamos.com.mx\/BecaGrijalbo\/wp-json\/wp\/v2\/pages"}],"about":[{"href":"https:\/\/editamos.com.mx\/BecaGrijalbo\/wp-json\/wp\/v2\/types\/page"}],"author":[{"embeddable":true,"href":"https:\/\/editamos.com.mx\/BecaGrijalbo\/wp-json\/wp\/v2\/users\/1"}],"replies":[{"embeddable":true,"href":"https:\/\/editamos.com.mx\/BecaGrijalbo\/wp-json\/wp\/v2\/comments?post=965"}],"version-history":[{"count":4,"href":"https:\/\/editamos.com.mx\/BecaGrijalbo\/wp-json\/wp\/v2\/pages\/965\/revisions"}],"predecessor-version":[{"id":969,"href":"https:\/\/editamos.com.mx\/BecaGrijalbo\/wp-json\/wp\/v2\/pages\/965\/revisions\/969"}],"wp:attachment":[{"href":"https:\/\/editamos.com.mx\/BecaGrijalbo\/wp-json\/wp\/v2\/media?parent=965"}],"curies":[{"name":"wp","href":"https:\/\/api.w.org\/{rel}","templated":true}]}}