{"id":949,"date":"2024-07-02T22:46:17","date_gmt":"2024-07-02T22:46:17","guid":{"rendered":"https:\/\/editamos.com.mx\/BecaGrijalbo\/?page_id=949"},"modified":"2025-07-29T02:37:03","modified_gmt":"2025-07-29T02:37:03","slug":"elena-bazan-2","status":"publish","type":"page","link":"https:\/\/editamos.com.mx\/BecaGrijalbo\/elena-bazan-2\/","title":{"rendered":"Elena Baz\u00e1n"},"content":{"rendered":"\t\t<div data-elementor-type=\"wp-page\" data-elementor-id=\"949\" class=\"elementor elementor-949\">\n\t\t\t\t<div class=\"elementor-element elementor-element-ee4d9fa e-grid e-con-full e-con e-parent\" data-id=\"ee4d9fa\" data-element_type=\"container\">\n\t\t\t\t<div class=\"elementor-element elementor-element-248726c elementor-widget elementor-widget-image\" data-id=\"248726c\" data-element_type=\"widget\" data-widget_type=\"image.default\">\n\t\t\t\t<div class=\"elementor-widget-container\">\n\t\t\t\t\t\t\t\t\t\t\t\t\t\t\t<img fetchpriority=\"high\" decoding=\"async\" width=\"690\" height=\"690\" src=\"https:\/\/editamos.com.mx\/BecaGrijalbo\/wp-content\/uploads\/2025\/07\/Foto-Elena-Bazan-modified-1024x1024.png\" class=\"attachment-large size-large wp-image-1747\" alt=\"\" srcset=\"https:\/\/editamos.com.mx\/BecaGrijalbo\/wp-content\/uploads\/2025\/07\/Foto-Elena-Bazan-modified-1024x1024.png 1024w, https:\/\/editamos.com.mx\/BecaGrijalbo\/wp-content\/uploads\/2025\/07\/Foto-Elena-Bazan-modified-300x300.png 300w, https:\/\/editamos.com.mx\/BecaGrijalbo\/wp-content\/uploads\/2025\/07\/Foto-Elena-Bazan-modified-150x150.png 150w, https:\/\/editamos.com.mx\/BecaGrijalbo\/wp-content\/uploads\/2025\/07\/Foto-Elena-Bazan-modified-768x768.png 768w, https:\/\/editamos.com.mx\/BecaGrijalbo\/wp-content\/uploads\/2025\/07\/Foto-Elena-Bazan-modified-1536x1536.png 1536w\" sizes=\"(max-width: 690px) 100vw, 690px\" \/>\t\t\t\t\t\t\t\t\t\t\t\t\t\t\t<\/div>\n\t\t\t\t<\/div>\n\t\t\t\t<div class=\"elementor-element elementor-element-a2c4b0b elementor-widget elementor-widget-text-editor\" data-id=\"a2c4b0b\" data-element_type=\"widget\" data-widget_type=\"text-editor.default\">\n\t\t\t\t<div class=\"elementor-widget-container\">\n\t\t\t\t\t\t\t\t\t<p id=\"u6689-2\"><strong>Elena Baz\u00e1n<\/strong><\/p><p style=\"font-weight: 400;\">Profesionista de la industria editorial impresa y digital en espa\u00f1ol con una amplia experiencia en creaci\u00f3n, gesti\u00f3n y distribuci\u00f3n de contenidos electr\u00f3nicos y sonoros. Ha colaborado con diversas empresas y editoriales de M\u00e9xico, Espa\u00f1a, Alemania y China.<\/p><p>Actualmente, es L\u00edder de Producci\u00f3n editorial de la audioeditorial mexicana independiente audiolibre, y coordina proyectos sonoros en Loqueleo M\u00e9xico, de Grupo Santillana. Es codirectora acad\u00e9mica del m\u00e1ster Gesti\u00f3n Editorial y Marketing Digital de la Universidad de Alcal\u00e1 de Henares y la Escuela de Unidad Editorial (<strong>ESUE<\/strong>).<\/p>\t\t\t\t\t\t\t\t<\/div>\n\t\t\t\t<\/div>\n\t\t\t\t<\/div>\n\t\t<div class=\"elementor-element elementor-element-612bb75 e-flex e-con-boxed e-con e-parent\" data-id=\"612bb75\" data-element_type=\"container\">\n\t\t\t\t\t<div class=\"e-con-inner\">\n\t\t\t\t<div class=\"elementor-element elementor-element-b1da370 elementor-widget elementor-widget-text-editor\" data-id=\"b1da370\" data-element_type=\"widget\" data-widget_type=\"text-editor.default\">\n\t\t\t\t<div class=\"elementor-widget-container\">\n\t\t\t\t\t\t\t\t\t<p style=\"font-weight: 400;\">Gestora editorial y editora. Desde 2010 ha trabajado en distintos departamentos editoriales en procesos de edici\u00f3n, correcci\u00f3n y coordinaci\u00f3n editorial. De 2018 a 2023 se desempe\u00f1\u00f3 como Account manager de Bookwire M\u00e9xico, empresa l\u00edder de distribuci\u00f3n de contenidos digitales, encargada del desarrollo de negocio y cat\u00e1logo de la regi\u00f3n. Desde 2017 participa e impulsa la gesti\u00f3n y edici\u00f3n de proyectos de literatura china contempor\u00e1nea para editoriales mexicanas, como con la colecci\u00f3n literaria \u201cEl Pa\u00eds del Centro\u201d de Siglo XXI Editores.<\/p><p style=\"font-weight: 400;\">Escritora. Sus obras m\u00e1s recientes son El acto de nombrar (Aguilar, Penguin Random House M\u00e9xico, 2023) y el p\u00f3dcast Las palabras de nosotras (Langosta Literaria, 2023), adem\u00e1s de art\u00edculos enfocados en el medio editorial.<br \/><br \/>Docente en temas de gesti\u00f3n editorial y de la industria digital en la Universidad del Claustro de Sor Juana, Universidad Aut\u00f3noma Metropolitana y Universidad de Alcal\u00e1 de Henares-ESUE.<br \/><br \/>Sobre su formaci\u00f3n, m\u00e1ster en Edici\u00f3n por la Universidad Aut\u00f3noma de Madrid, m\u00e1ster en Lexicograf\u00eda Hisp\u00e1nica por la Escuela de Lexicograf\u00eda Hisp\u00e1nica de la Real Academia Espa\u00f1ola, y licenciada en Letras Iberoamericanas por la Universidad del Claustro de Sor Juana, en Ciudad de M\u00e9xico.<\/p>\t\t\t\t\t\t\t\t<\/div>\n\t\t\t\t<\/div>\n\t\t\t\t\t<\/div>\n\t\t\t\t<\/div>\n\t\t\t\t<\/div>\n\t\t","protected":false},"excerpt":{"rendered":"<p>Elena Baz\u00e1n Profesionista de la industria editorial impresa y digital en espa\u00f1ol con una amplia experiencia en creaci\u00f3n, gesti\u00f3n y distribuci\u00f3n de contenidos electr\u00f3nicos y sonoros. Ha colaborado con diversas <a class=\"more-link\" href=\"https:\/\/editamos.com.mx\/BecaGrijalbo\/elena-bazan-2\/\">Seguir leyendo &rarr;<\/a><\/p>\n","protected":false},"author":1,"featured_media":0,"parent":0,"menu_order":0,"comment_status":"closed","ping_status":"closed","template":"elementor_header_footer","meta":{"footnotes":""},"class_list":["post-949","page","type-page","status-publish","hentry"],"_links":{"self":[{"href":"https:\/\/editamos.com.mx\/BecaGrijalbo\/wp-json\/wp\/v2\/pages\/949","targetHints":{"allow":["GET"]}}],"collection":[{"href":"https:\/\/editamos.com.mx\/BecaGrijalbo\/wp-json\/wp\/v2\/pages"}],"about":[{"href":"https:\/\/editamos.com.mx\/BecaGrijalbo\/wp-json\/wp\/v2\/types\/page"}],"author":[{"embeddable":true,"href":"https:\/\/editamos.com.mx\/BecaGrijalbo\/wp-json\/wp\/v2\/users\/1"}],"replies":[{"embeddable":true,"href":"https:\/\/editamos.com.mx\/BecaGrijalbo\/wp-json\/wp\/v2\/comments?post=949"}],"version-history":[{"count":19,"href":"https:\/\/editamos.com.mx\/BecaGrijalbo\/wp-json\/wp\/v2\/pages\/949\/revisions"}],"predecessor-version":[{"id":1793,"href":"https:\/\/editamos.com.mx\/BecaGrijalbo\/wp-json\/wp\/v2\/pages\/949\/revisions\/1793"}],"wp:attachment":[{"href":"https:\/\/editamos.com.mx\/BecaGrijalbo\/wp-json\/wp\/v2\/media?parent=949"}],"curies":[{"name":"wp","href":"https:\/\/api.w.org\/{rel}","templated":true}]}}