{"id":623,"date":"2024-06-27T01:52:39","date_gmt":"2024-06-27T01:52:39","guid":{"rendered":"http:\/\/editamos.com.mx\/BecaGrijalbo\/?page_id=623"},"modified":"2024-06-27T01:53:49","modified_gmt":"2024-06-27T01:53:49","slug":"arturo-black-fonseca","status":"publish","type":"page","link":"https:\/\/editamos.com.mx\/BecaGrijalbo\/arturo-black-fonseca\/","title":{"rendered":"Arturo Black Fonseca"},"content":{"rendered":"\t\t<div data-elementor-type=\"wp-page\" data-elementor-id=\"623\" class=\"elementor elementor-623\">\n\t\t\t\t<div class=\"elementor-element elementor-element-ee4d9fa e-grid e-con-boxed e-con e-parent\" data-id=\"ee4d9fa\" data-element_type=\"container\">\n\t\t\t\t\t<div class=\"e-con-inner\">\n\t\t\t\t<div class=\"elementor-element elementor-element-248726c elementor-widget elementor-widget-image\" data-id=\"248726c\" data-element_type=\"widget\" data-widget_type=\"image.default\">\n\t\t\t\t<div class=\"elementor-widget-container\">\n\t\t\t\t\t\t\t\t\t\t\t\t\t\t\t<img fetchpriority=\"high\" decoding=\"async\" width=\"246\" height=\"234\" src=\"https:\/\/editamos.com.mx\/BecaGrijalbo\/wp-content\/uploads\/2024\/06\/arturo-black.png\" class=\"attachment-large size-large wp-image-330\" alt=\"\" \/>\t\t\t\t\t\t\t\t\t\t\t\t\t\t\t<\/div>\n\t\t\t\t<\/div>\n\t\t\t\t<div class=\"elementor-element elementor-element-a2c4b0b elementor-widget elementor-widget-text-editor\" data-id=\"a2c4b0b\" data-element_type=\"widget\" data-widget_type=\"text-editor.default\">\n\t\t\t\t<div class=\"elementor-widget-container\">\n\t\t\t\t\t\t\t\t\t<p id=\"u6689-2\"><strong>Arturo Black Fonseca<\/strong><\/p><p id=\"u6689-19\">Curs\u00f3 la licenciatura en Dise\u00f1o Gr\u00e1fico en la Escuela Nacional de Artes Pl\u00e1sticas de la\u00a0<strong><span id=\"u6920-5\">UNAM<\/span><\/strong>, adem\u00e1s de diversas especializaciones en infograf\u00eda y visualizaci\u00f3n de la informaci\u00f3n en Boston. Tiene m\u00e1s de 15 a\u00f1os de experiencia en la construcci\u00f3n, dise\u00f1o, planeaci\u00f3n y visualizaci\u00f3n de la informaci\u00f3n. Actualmente se desempe\u00f1a como editor general de Infograf\u00eda y Arte de\u00a0<strong><span id=\"u6920-7\">Grupo Milenio<\/span><\/strong>. Desde 2006 dirige el estudio de infograf\u00eda, visualizaci\u00f3n de datos, dise\u00f1o e Ilustraci\u00f3n\u00a0<span id=\"u6920-9\"><strong>Creative Studio Inc.<\/strong>\u00a0<\/span>como director de Arte. Su trabajo incluye diversas publicaciones en diarios de M\u00e9xico, Estados Unidos, Europa y Sudam\u00e9rica, as\u00ed como el \u00e1rea de visualizaci\u00f3n de datos, animaci\u00f3n e infograf\u00eda de\u00a0<strong><span id=\"u6920-11\">ESPN\/Disney<\/span><\/strong>. Ha implementado sistemas de desarrollo infogr\u00e1fico y arquitectura de la informaci\u00f3n para diversas casas editoriales, as\u00ed como proyectos de an\u00e1lisis y conceptualizaci\u00f3n de la informaci\u00f3n para diferentes empresas. Se especializa en el manejo de gr\u00e1ficos de informaci\u00f3n, ilustraci\u00f3n, modelado 3d, programaci\u00f3n, dise\u00f1o gr\u00e1fico y multimedia. Cuenta con varias distinciones a nivel nacional e internacional en reconocimiento a sus proyectos.<\/p>\t\t\t\t\t\t\t\t<\/div>\n\t\t\t\t<\/div>\n\t\t\t\t\t<\/div>\n\t\t\t\t<\/div>\n\t\t\t\t<\/div>\n\t\t","protected":false},"excerpt":{"rendered":"<p>Arturo Black Fonseca Curs\u00f3 la licenciatura en Dise\u00f1o Gr\u00e1fico en la Escuela Nacional de Artes Pl\u00e1sticas de la\u00a0UNAM, adem\u00e1s de diversas especializaciones en infograf\u00eda y visualizaci\u00f3n de la informaci\u00f3n en <a class=\"more-link\" href=\"https:\/\/editamos.com.mx\/BecaGrijalbo\/arturo-black-fonseca\/\">Seguir leyendo &rarr;<\/a><\/p>\n","protected":false},"author":1,"featured_media":0,"parent":0,"menu_order":0,"comment_status":"closed","ping_status":"closed","template":"elementor_header_footer","meta":{"footnotes":""},"class_list":["post-623","page","type-page","status-publish","hentry"],"_links":{"self":[{"href":"https:\/\/editamos.com.mx\/BecaGrijalbo\/wp-json\/wp\/v2\/pages\/623","targetHints":{"allow":["GET"]}}],"collection":[{"href":"https:\/\/editamos.com.mx\/BecaGrijalbo\/wp-json\/wp\/v2\/pages"}],"about":[{"href":"https:\/\/editamos.com.mx\/BecaGrijalbo\/wp-json\/wp\/v2\/types\/page"}],"author":[{"embeddable":true,"href":"https:\/\/editamos.com.mx\/BecaGrijalbo\/wp-json\/wp\/v2\/users\/1"}],"replies":[{"embeddable":true,"href":"https:\/\/editamos.com.mx\/BecaGrijalbo\/wp-json\/wp\/v2\/comments?post=623"}],"version-history":[{"count":4,"href":"https:\/\/editamos.com.mx\/BecaGrijalbo\/wp-json\/wp\/v2\/pages\/623\/revisions"}],"predecessor-version":[{"id":627,"href":"https:\/\/editamos.com.mx\/BecaGrijalbo\/wp-json\/wp\/v2\/pages\/623\/revisions\/627"}],"wp:attachment":[{"href":"https:\/\/editamos.com.mx\/BecaGrijalbo\/wp-json\/wp\/v2\/media?parent=623"}],"curies":[{"name":"wp","href":"https:\/\/api.w.org\/{rel}","templated":true}]}}