{"id":575,"date":"2024-06-27T01:30:07","date_gmt":"2024-06-27T01:30:07","guid":{"rendered":"http:\/\/editamos.com.mx\/BecaGrijalbo\/?page_id=575"},"modified":"2024-06-27T01:33:11","modified_gmt":"2024-06-27T01:33:11","slug":"maria-georgina-adame-moreno","status":"publish","type":"page","link":"https:\/\/editamos.com.mx\/BecaGrijalbo\/maria-georgina-adame-moreno\/","title":{"rendered":"Mar\u00eda Georgina Adame Moreno"},"content":{"rendered":"\t\t<div data-elementor-type=\"wp-page\" data-elementor-id=\"575\" class=\"elementor elementor-575\">\n\t\t\t\t<div class=\"elementor-element elementor-element-ee4d9fa e-grid e-con-full e-con e-parent\" data-id=\"ee4d9fa\" data-element_type=\"container\">\n\t\t\t\t<div class=\"elementor-element elementor-element-248726c elementor-widget elementor-widget-image\" data-id=\"248726c\" data-element_type=\"widget\" data-widget_type=\"image.default\">\n\t\t\t\t<div class=\"elementor-widget-container\">\n\t\t\t\t\t\t\t\t\t\t\t\t\t\t\t<img fetchpriority=\"high\" decoding=\"async\" width=\"246\" height=\"246\" src=\"https:\/\/editamos.com.mx\/BecaGrijalbo\/wp-content\/uploads\/2024\/06\/georgina-adame-moreno.png\" class=\"attachment-large size-large wp-image-336\" alt=\"\" srcset=\"https:\/\/editamos.com.mx\/BecaGrijalbo\/wp-content\/uploads\/2024\/06\/georgina-adame-moreno.png 246w, https:\/\/editamos.com.mx\/BecaGrijalbo\/wp-content\/uploads\/2024\/06\/georgina-adame-moreno-150x150.png 150w\" sizes=\"(max-width: 246px) 100vw, 246px\" \/>\t\t\t\t\t\t\t\t\t\t\t\t\t\t\t<\/div>\n\t\t\t\t<\/div>\n\t\t\t\t<div class=\"elementor-element elementor-element-a2c4b0b elementor-widget elementor-widget-text-editor\" data-id=\"a2c4b0b\" data-element_type=\"widget\" data-widget_type=\"text-editor.default\">\n\t\t\t\t<div class=\"elementor-widget-container\">\n\t\t\t\t\t\t\t\t\t<p id=\"u6689-2\"><strong>Mar\u00eda Georgina Adame Moreno<\/strong><\/p><p id=\"u6839-7\">Realiz\u00f3 estudios de Ling\u00fc\u00edstica en la<span id=\"u6839-5\">\u00a0Escuela Nacional de Antropolog\u00eda e Historia<\/span>, posee experiencia como docente de educaci\u00f3n secundaria y bachillerato.<\/p><p id=\"u6839-10\">Profesionalmente\u00a0 se ha desempe\u00f1ado como docente, ha impartido talleres y conferencias sobre educaci\u00f3n y la ense\u00f1anza del espa\u00f1ol en la educaci\u00f3n b\u00e1sica, participa en el an\u00e1lisis y elaboraci\u00f3n de material did\u00e1ctico, contenidos y evaluaciones. Es coautora de libros de texto y cuadernos de trabajo de la asignatura de Espa\u00f1ol para la educaci\u00f3n b\u00e1sica.<\/p>\t\t\t\t\t\t\t\t<\/div>\n\t\t\t\t<\/div>\n\t\t\t\t<\/div>\n\t\t<div class=\"elementor-element elementor-element-612bb75 e-flex e-con-boxed e-con e-parent\" data-id=\"612bb75\" data-element_type=\"container\">\n\t\t\t\t\t<div class=\"e-con-inner\">\n\t\t\t\t<div class=\"elementor-element elementor-element-b1da370 elementor-widget elementor-widget-text-editor\" data-id=\"b1da370\" data-element_type=\"widget\" data-widget_type=\"text-editor.default\">\n\t\t\t\t<div class=\"elementor-widget-container\">\n\t\t\t\t\t\t\t\t\t<p>En su trayectoria en la Secretar\u00eda de Educaci\u00f3n P\u00fablica como investigadora y capacitadora de docentes de Educaci\u00f3n Especial. Tuvo bajo su cargo la producci\u00f3n de material did\u00e1ctico y de capacitaci\u00f3n.<\/p><p id=\"u6839-16\">En la Universidad de las Am\u00e9ricas, Ciudad de M\u00e9xico, se desemepe\u00f1\u00f3 como investigadora educativa y bajo su cargo estaba la producci\u00f3n de material did\u00e1ctico y de capacitaci\u00f3n para asesores, coordinadores y capacitadores de maestros de educaci\u00f3n b\u00e1sica.<\/p><p id=\"u6839-19\">Ha desempe\u00f1ado diversas actividades en el \u00e1mbito de la industria editorial, entre ellos se destacan:<\/p><p>Coordinaci\u00f3n y supervisi\u00f3n de la promoci\u00f3n y la venta de materiales educativos.<\/p><p id=\"u6839-24\">Creacci\u00f3n, planeaci\u00f3n y cooordinaci\u00f3n de talleres, conferencias y seminarios para la actualizaci\u00f3n docente.<\/p><p id=\"u6839-27\">Planeaci\u00f3n, selecci\u00f3n y b\u00fasqueda de materiales para el desarrollo de proyectos editoriales. Desarrollo de diversos contenidos y materiales, tanto impresos como electr\u00f3nicos.<\/p><p id=\"u6839-32\">En\u00a0<strong><span id=\"u6839-30\">Oxford University Press<\/span><\/strong>\u00a0tuvo bajo su cargo la supervisi\u00f3n nacional de promoci\u00f3n y ventas, y la\u00a0 gerencia editorial de materiales para la educaci\u00f3n b\u00e1sica, de 1993 a 2010.<\/p><p id=\"u6839-39\">En la editorial\u00a0<strong><span id=\"u6839-35\">R\u00edos de Tinta<\/span><\/strong>\u00a0se desempe\u00f1\u00f3 como directora editorial de 2010 a 2021. Actualmente es directora de\u00a0<strong><span id=\"u6839-37\">Letra Cardinal<\/span><\/strong>, empresa dedicada a la generaci\u00f3n de contenidos y a la elaboraci\u00f3n de materiales did\u00e1cticos para todos los niveles educativos.<\/p>\t\t\t\t\t\t\t\t<\/div>\n\t\t\t\t<\/div>\n\t\t\t\t\t<\/div>\n\t\t\t\t<\/div>\n\t\t\t\t<\/div>\n\t\t","protected":false},"excerpt":{"rendered":"<p>Mar\u00eda Georgina Adame Moreno Realiz\u00f3 estudios de Ling\u00fc\u00edstica en la\u00a0Escuela Nacional de Antropolog\u00eda e Historia, posee experiencia como docente de educaci\u00f3n secundaria y bachillerato. Profesionalmente\u00a0 se ha desempe\u00f1ado como docente, <a class=\"more-link\" href=\"https:\/\/editamos.com.mx\/BecaGrijalbo\/maria-georgina-adame-moreno\/\">Seguir leyendo &rarr;<\/a><\/p>\n","protected":false},"author":1,"featured_media":0,"parent":0,"menu_order":0,"comment_status":"closed","ping_status":"closed","template":"elementor_header_footer","meta":{"footnotes":""},"class_list":["post-575","page","type-page","status-publish","hentry"],"_links":{"self":[{"href":"https:\/\/editamos.com.mx\/BecaGrijalbo\/wp-json\/wp\/v2\/pages\/575","targetHints":{"allow":["GET"]}}],"collection":[{"href":"https:\/\/editamos.com.mx\/BecaGrijalbo\/wp-json\/wp\/v2\/pages"}],"about":[{"href":"https:\/\/editamos.com.mx\/BecaGrijalbo\/wp-json\/wp\/v2\/types\/page"}],"author":[{"embeddable":true,"href":"https:\/\/editamos.com.mx\/BecaGrijalbo\/wp-json\/wp\/v2\/users\/1"}],"replies":[{"embeddable":true,"href":"https:\/\/editamos.com.mx\/BecaGrijalbo\/wp-json\/wp\/v2\/comments?post=575"}],"version-history":[{"count":4,"href":"https:\/\/editamos.com.mx\/BecaGrijalbo\/wp-json\/wp\/v2\/pages\/575\/revisions"}],"predecessor-version":[{"id":579,"href":"https:\/\/editamos.com.mx\/BecaGrijalbo\/wp-json\/wp\/v2\/pages\/575\/revisions\/579"}],"wp:attachment":[{"href":"https:\/\/editamos.com.mx\/BecaGrijalbo\/wp-json\/wp\/v2\/media?parent=575"}],"curies":[{"name":"wp","href":"https:\/\/api.w.org\/{rel}","templated":true}]}}