{"id":513,"date":"2024-06-27T01:02:59","date_gmt":"2024-06-27T01:02:59","guid":{"rendered":"http:\/\/editamos.com.mx\/BecaGrijalbo\/?page_id=513"},"modified":"2024-06-28T01:25:33","modified_gmt":"2024-06-28T01:25:33","slug":"calc","status":"publish","type":"page","link":"https:\/\/editamos.com.mx\/BecaGrijalbo\/calc\/","title":{"rendered":"CALC"},"content":{"rendered":"\t\t<div data-elementor-type=\"wp-page\" data-elementor-id=\"513\" class=\"elementor elementor-513\">\n\t\t\t\t<div class=\"elementor-element elementor-element-eb7a49f e-grid e-con-boxed e-con e-parent\" data-id=\"eb7a49f\" data-element_type=\"container\">\n\t\t\t\t\t<div class=\"e-con-inner\">\n\t\t\t\t<div class=\"elementor-element elementor-element-98446eb elementor-widget elementor-widget-image\" data-id=\"98446eb\" data-element_type=\"widget\" data-widget_type=\"image.default\">\n\t\t\t\t<div class=\"elementor-widget-container\">\n\t\t\t\t\t\t\t\t\t\t\t\t\t\t\t<img fetchpriority=\"high\" decoding=\"async\" width=\"690\" height=\"832\" src=\"https:\/\/editamos.com.mx\/BecaGrijalbo\/wp-content\/uploads\/2024\/06\/CALC-849x1024.png\" class=\"attachment-large size-large wp-image-675\" alt=\"\" srcset=\"https:\/\/editamos.com.mx\/BecaGrijalbo\/wp-content\/uploads\/2024\/06\/CALC-849x1024.png 849w, https:\/\/editamos.com.mx\/BecaGrijalbo\/wp-content\/uploads\/2024\/06\/CALC-249x300.png 249w, https:\/\/editamos.com.mx\/BecaGrijalbo\/wp-content\/uploads\/2024\/06\/CALC-768x926.png 768w, https:\/\/editamos.com.mx\/BecaGrijalbo\/wp-content\/uploads\/2024\/06\/CALC-1274x1536.png 1274w, https:\/\/editamos.com.mx\/BecaGrijalbo\/wp-content\/uploads\/2024\/06\/CALC-1698x2048.png 1698w, https:\/\/editamos.com.mx\/BecaGrijalbo\/wp-content\/uploads\/2024\/06\/CALC.png 2007w\" sizes=\"(max-width: 690px) 100vw, 690px\" \/>\t\t\t\t\t\t\t\t\t\t\t\t\t\t\t<\/div>\n\t\t\t\t<\/div>\n\t\t\t\t<div class=\"elementor-element elementor-element-9186b97 elementor-widget elementor-widget-text-editor\" data-id=\"9186b97\" data-element_type=\"widget\" data-widget_type=\"text-editor.default\">\n\t\t\t\t<div class=\"elementor-widget-container\">\n\t\t\t\t\t\t\t\t\t<p id=\"u91346-2\"><strong>CALC<\/strong><\/p><p id=\"u91346-5\"><span id=\"u91346-4\">La coalici\u00f3n por el acceso Legal a la Cultura es una A.C. que agrupa a todos los sectores culturales y creativos de M\u00e9xico y fue creada con el fin de promover y defender los Derechos de Autor y Derechos Conexos, as\u00ed como el de ser el interlocutor con las distintas instancias del Gobierno y los Poderes de la Uni\u00f3n, para la toma de decisiones en materia de cultura.<\/span><\/p><p id=\"u91346-8\">Conformada por 37 asociaciones, sociedades de gesti\u00f3n colectiva, industrias y creadores, la Coalici\u00f3n por el Acceso Legal a la Cultura es pionera en su \u00edndole a nivel global.<\/p><p id=\"u91346-11\">Desde 2009 promovemos el acceso legal a la cultura y la remuneraci\u00f3n a los autores.<\/p><p id=\"u91346-15\"><a class=\"nonblock\" href=\"http:\/\/www.calc.mx\/\">www.calc.mx<\/a><\/p><p id=\"u91346-18\">Jos\u00e9 Mar\u00eda Velasco 59, 4to piso.<\/p><p id=\"u91346-20\">San Jos\u00e9 Insurgentes, Benito Ju\u00e1rez, CDMX.<\/p>\t\t\t\t\t\t\t\t<\/div>\n\t\t\t\t<\/div>\n\t\t\t\t\t<\/div>\n\t\t\t\t<\/div>\n\t\t\t\t<\/div>\n\t\t","protected":false},"excerpt":{"rendered":"<p>CALC La coalici\u00f3n por el acceso Legal a la Cultura es una A.C. que agrupa a todos los sectores culturales y creativos de M\u00e9xico y fue creada con el fin <a class=\"more-link\" href=\"https:\/\/editamos.com.mx\/BecaGrijalbo\/calc\/\">Seguir leyendo &rarr;<\/a><\/p>\n","protected":false},"author":1,"featured_media":0,"parent":0,"menu_order":0,"comment_status":"closed","ping_status":"closed","template":"elementor_header_footer","meta":{"footnotes":""},"class_list":["post-513","page","type-page","status-publish","hentry"],"_links":{"self":[{"href":"https:\/\/editamos.com.mx\/BecaGrijalbo\/wp-json\/wp\/v2\/pages\/513","targetHints":{"allow":["GET"]}}],"collection":[{"href":"https:\/\/editamos.com.mx\/BecaGrijalbo\/wp-json\/wp\/v2\/pages"}],"about":[{"href":"https:\/\/editamos.com.mx\/BecaGrijalbo\/wp-json\/wp\/v2\/types\/page"}],"author":[{"embeddable":true,"href":"https:\/\/editamos.com.mx\/BecaGrijalbo\/wp-json\/wp\/v2\/users\/1"}],"replies":[{"embeddable":true,"href":"https:\/\/editamos.com.mx\/BecaGrijalbo\/wp-json\/wp\/v2\/comments?post=513"}],"version-history":[{"count":7,"href":"https:\/\/editamos.com.mx\/BecaGrijalbo\/wp-json\/wp\/v2\/pages\/513\/revisions"}],"predecessor-version":[{"id":762,"href":"https:\/\/editamos.com.mx\/BecaGrijalbo\/wp-json\/wp\/v2\/pages\/513\/revisions\/762"}],"wp:attachment":[{"href":"https:\/\/editamos.com.mx\/BecaGrijalbo\/wp-json\/wp\/v2\/media?parent=513"}],"curies":[{"name":"wp","href":"https:\/\/api.w.org\/{rel}","templated":true}]}}