{"id":478,"date":"2024-06-27T00:29:30","date_gmt":"2024-06-27T00:29:30","guid":{"rendered":"http:\/\/editamos.com.mx\/BecaGrijalbo\/?page_id=478"},"modified":"2024-06-28T00:52:12","modified_gmt":"2024-06-28T00:52:12","slug":"ink-it","status":"publish","type":"page","link":"https:\/\/editamos.com.mx\/BecaGrijalbo\/ink-it\/","title":{"rendered":"ink-it"},"content":{"rendered":"\t\t<div data-elementor-type=\"wp-page\" data-elementor-id=\"478\" class=\"elementor elementor-478\">\n\t\t\t\t<div class=\"elementor-element elementor-element-57ffef8 e-grid e-con-boxed e-con e-parent\" data-id=\"57ffef8\" data-element_type=\"container\">\n\t\t\t\t\t<div class=\"e-con-inner\">\n\t\t\t\t<div class=\"elementor-element elementor-element-e5547de elementor-widget elementor-widget-image\" data-id=\"e5547de\" data-element_type=\"widget\" data-widget_type=\"image.default\">\n\t\t\t\t<div class=\"elementor-widget-container\">\n\t\t\t\t\t\t\t\t\t\t\t\t\t\t\t<img fetchpriority=\"high\" decoding=\"async\" width=\"640\" height=\"383\" src=\"https:\/\/editamos.com.mx\/BecaGrijalbo\/wp-content\/uploads\/2024\/06\/logo-ink-it-640x383-1.png\" class=\"attachment-large size-large wp-image-680\" alt=\"\" srcset=\"https:\/\/editamos.com.mx\/BecaGrijalbo\/wp-content\/uploads\/2024\/06\/logo-ink-it-640x383-1.png 640w, https:\/\/editamos.com.mx\/BecaGrijalbo\/wp-content\/uploads\/2024\/06\/logo-ink-it-640x383-1-300x180.png 300w\" sizes=\"(max-width: 640px) 100vw, 640px\" \/>\t\t\t\t\t\t\t\t\t\t\t\t\t\t\t<\/div>\n\t\t\t\t<\/div>\n\t\t\t\t<div class=\"elementor-element elementor-element-d501693 elementor-widget elementor-widget-text-editor\" data-id=\"d501693\" data-element_type=\"widget\" data-widget_type=\"text-editor.default\">\n\t\t\t\t<div class=\"elementor-widget-container\">\n\t\t\t\t\t\t\t\t\t<p id=\"u7114-2\"><strong>INK IT<\/strong><\/p><p id=\"u7114-6\"><span id=\"u7114-4\">Ink it<\/span> es una plataforma 360 que ofrece a editoriales creaci\u00f3n de ebooks, distribuci\u00f3n de e-books y audiolibros, creaci\u00f3n de e-commerce y librer\u00edas digitales, as\u00ed como impresi\u00f3n bajo demanda <strong>(<span id=\"u7114-10\">POD<\/span>)<\/strong>. Actualmente,\u00a0<strong><span id=\"u7114-12\">Ink it<\/span><\/strong> apoya a editores en 12 pa\u00edses y es una de las 3 empresas en el mundo consideradas Apple preferred partner, ya que cuenta con todas las certificaciones que otorga este gigante de la tecnolog\u00eda; adem\u00e1s, es la \u00fanica de habla hispana con esta distinci\u00f3n.<\/p>\t\t\t\t\t\t\t\t<\/div>\n\t\t\t\t<\/div>\n\t\t\t\t\t<\/div>\n\t\t\t\t<\/div>\n\t\t<div class=\"elementor-element elementor-element-d067e1a e-flex e-con-boxed e-con e-parent\" data-id=\"d067e1a\" data-element_type=\"container\">\n\t\t\t\t\t<div class=\"e-con-inner\">\n\t\t\t\t<div class=\"elementor-element elementor-element-a25dba6 elementor-widget elementor-widget-text-editor\" data-id=\"a25dba6\" data-element_type=\"widget\" data-widget_type=\"text-editor.default\">\n\t\t\t\t<div class=\"elementor-widget-container\">\n\t\t\t\t\t\t\t\t\t<p id=\"u7114-26\"><strong><span id=\"u7114-22\">Ink it<\/span><\/strong>\u00a0nace en 2012 como\u00a0<span id=\"u7114-24\">Editorial Ink<\/span>, la primera casa editora mexicana 100% digital. Considerados por la revista Forbes como \u201cpioneros de los e-books en M\u00e9xico\u201d, en <span id=\"u7114-29\">Editorial Ink<\/span> contamos con un cat\u00e1logo de m\u00e1s de 200 t\u00edtulos, donde destacan autores como Guadalupe Loaeza, Ren\u00e9 Avil\u00e9s Fabila y Beatriz Espejo, entre otros. En 2014 creamos el\u00a0<strong><span id=\"u7114-35\">Premio Internacional Ink de Novela Digital,<\/span><\/strong> que, en sus 5 emisiones, galardon\u00f3 a sendos autores de M\u00e9xico, Espa\u00f1a, Colombia y Argentina.<\/p><p id=\"u7114-44\">En<span id=\"u7114-42\">\u00a0<strong>Ink it<\/strong><\/span>, somos especialistas en hacer f\u00e1cil lo digital. Por ello, queremos ser el departamento digital que cada editorial necesita, para que se dediquen a lo que mejor saben hacer, que es publicar libros.<\/p><ul style=\"list-style: none;\"><li id=\"u7114-51\">Ink it. We make digital easy<\/li><li id=\"u7114-54\"><a class=\"nonblock\" href=\"https:\/\/www.facebook.com\/Inkitdistribuciondigital\" target=\"_blank\" rel=\"noopener\">https:\/\/www.facebook.com\/Inkitdistribuciondigital<\/a><\/li><li id=\"u7114-57\"><a class=\"nonblock\" href=\"https:\/\/twitter.com\/inkit_latam\" target=\"_blank\" rel=\"noopener\">https:\/\/twitter.com\/inkit_latam<\/a><\/li><li id=\"u7114-60\"><a class=\"nonblock\" href=\"https:\/\/www.instagram.com\/ink_it_latam\/\" target=\"_blank\" rel=\"noopener\">https:\/\/www.instagram.com\/ink_it_latam\/<\/a><\/li><li id=\"u7114-63\"><a class=\"nonblock\" href=\"https:\/\/www.linkedin.com\/in\/ink-it-085375139\" target=\"_blank\" rel=\"noopener\">https:\/\/www.linkedin.com\/in\/ink-it-085375139<\/a><\/li><\/ul><p id=\"u7114-67\">Juan Salvador Agraz no. 61\ufe31col. Santa Fe\ufe31alc. Cuajimalpa \ufe31CDMX\ufe31CP 05370<\/p><p id=\"u7114-71\">(+52) 5552543852 \ufe31<a class=\"nonblock\" href=\"https:\/\/ink-it.ink\/\" target=\"_blank\" rel=\"noopener\">https:\/\/ink-it.ink\/<\/a><\/p>\t\t\t\t\t\t\t\t<\/div>\n\t\t\t\t<\/div>\n\t\t\t\t\t<\/div>\n\t\t\t\t<\/div>\n\t\t\t\t<\/div>\n\t\t","protected":false},"excerpt":{"rendered":"<p>INK IT Ink it es una plataforma 360 que ofrece a editoriales creaci\u00f3n de ebooks, distribuci\u00f3n de e-books y audiolibros, creaci\u00f3n de e-commerce y librer\u00edas digitales, as\u00ed como impresi\u00f3n bajo <a class=\"more-link\" href=\"https:\/\/editamos.com.mx\/BecaGrijalbo\/ink-it\/\">Seguir leyendo &rarr;<\/a><\/p>\n","protected":false},"author":1,"featured_media":0,"parent":0,"menu_order":0,"comment_status":"closed","ping_status":"closed","template":"elementor_header_footer","meta":{"footnotes":""},"class_list":["post-478","page","type-page","status-publish","hentry"],"_links":{"self":[{"href":"https:\/\/editamos.com.mx\/BecaGrijalbo\/wp-json\/wp\/v2\/pages\/478","targetHints":{"allow":["GET"]}}],"collection":[{"href":"https:\/\/editamos.com.mx\/BecaGrijalbo\/wp-json\/wp\/v2\/pages"}],"about":[{"href":"https:\/\/editamos.com.mx\/BecaGrijalbo\/wp-json\/wp\/v2\/types\/page"}],"author":[{"embeddable":true,"href":"https:\/\/editamos.com.mx\/BecaGrijalbo\/wp-json\/wp\/v2\/users\/1"}],"replies":[{"embeddable":true,"href":"https:\/\/editamos.com.mx\/BecaGrijalbo\/wp-json\/wp\/v2\/comments?post=478"}],"version-history":[{"count":4,"href":"https:\/\/editamos.com.mx\/BecaGrijalbo\/wp-json\/wp\/v2\/pages\/478\/revisions"}],"predecessor-version":[{"id":731,"href":"https:\/\/editamos.com.mx\/BecaGrijalbo\/wp-json\/wp\/v2\/pages\/478\/revisions\/731"}],"wp:attachment":[{"href":"https:\/\/editamos.com.mx\/BecaGrijalbo\/wp-json\/wp\/v2\/media?parent=478"}],"curies":[{"name":"wp","href":"https:\/\/api.w.org\/{rel}","templated":true}]}}