{"id":453,"date":"2024-06-27T00:22:36","date_gmt":"2024-06-27T00:22:36","guid":{"rendered":"http:\/\/editamos.com.mx\/BecaGrijalbo\/?page_id=453"},"modified":"2024-06-28T00:57:25","modified_gmt":"2024-06-28T00:57:25","slug":"zebralution","status":"publish","type":"page","link":"https:\/\/editamos.com.mx\/BecaGrijalbo\/zebralution\/","title":{"rendered":"zebralution"},"content":{"rendered":"\t\t<div data-elementor-type=\"wp-page\" data-elementor-id=\"453\" class=\"elementor elementor-453\">\n\t\t\t\t<div class=\"elementor-element elementor-element-bdadc84 e-grid e-con-boxed e-con e-parent\" data-id=\"bdadc84\" data-element_type=\"container\">\n\t\t\t\t\t<div class=\"e-con-inner\">\n\t\t\t\t<div class=\"elementor-element elementor-element-7e0060a elementor-widget elementor-widget-image\" data-id=\"7e0060a\" data-element_type=\"widget\" data-widget_type=\"image.default\">\n\t\t\t\t<div class=\"elementor-widget-container\">\n\t\t\t\t\t\t\t\t\t\t\t\t\t\t\t<img fetchpriority=\"high\" decoding=\"async\" width=\"690\" height=\"190\" src=\"https:\/\/editamos.com.mx\/BecaGrijalbo\/wp-content\/uploads\/2024\/06\/Zebralution-1024x282-1.webp\" class=\"attachment-large size-large wp-image-674\" alt=\"\" srcset=\"https:\/\/editamos.com.mx\/BecaGrijalbo\/wp-content\/uploads\/2024\/06\/Zebralution-1024x282-1.webp 1024w, https:\/\/editamos.com.mx\/BecaGrijalbo\/wp-content\/uploads\/2024\/06\/Zebralution-1024x282-1-300x83.webp 300w, https:\/\/editamos.com.mx\/BecaGrijalbo\/wp-content\/uploads\/2024\/06\/Zebralution-1024x282-1-768x212.webp 768w\" sizes=\"(max-width: 690px) 100vw, 690px\" \/>\t\t\t\t\t\t\t\t\t\t\t\t\t\t\t<\/div>\n\t\t\t\t<\/div>\n\t\t\t\t<div class=\"elementor-element elementor-element-03de10d elementor-widget elementor-widget-text-editor\" data-id=\"03de10d\" data-element_type=\"widget\" data-widget_type=\"text-editor.default\">\n\t\t\t\t<div class=\"elementor-widget-container\">\n\t\t\t\t\t\t\t\t\t<p id=\"u7134-2\"><strong>ZEBRALUTION<\/strong><\/p><p id=\"u7134-6\"><strong><span id=\"u7134-4\">Zebralution<\/span><\/strong>\u00a0es un distribuidor digital de contenido de audio: m\u00fasica, audilibros y podcast, que juega un papel clave en la industria editorial alemana y que adem\u00e1s opera en otras regiones del mundo, principalmente en Reino Unido y Pa\u00edses Bajos.<\/p>\t\t\t\t\t\t\t\t<\/div>\n\t\t\t\t<\/div>\n\t\t\t\t\t<\/div>\n\t\t\t\t<\/div>\n\t\t<div class=\"elementor-element elementor-element-22d024d e-flex e-con-boxed e-con e-parent\" data-id=\"22d024d\" data-element_type=\"container\">\n\t\t\t\t\t<div class=\"e-con-inner\">\n\t\t\t\t<div class=\"elementor-element elementor-element-3674406 elementor-widget elementor-widget-text-editor\" data-id=\"3674406\" data-element_type=\"widget\" data-widget_type=\"text-editor.default\">\n\t\t\t\t<div class=\"elementor-widget-container\">\n\t\t\t\t\t\t\t\t\t<p id=\"u7134-13\">Fundada en 2003,\u00a0<strong><span id=\"u7134-9\">Zebralution<\/span><\/strong>\u00a0fue una de las primeras distribuidoras que aprovecharon su conocimiento de las plataformas de m\u00fasica para abrir ese mercado a los audiolibros y poner esos contenidos al alcance de una nueva audiencia.<span id=\"u7134-11\"><strong>\u00a0Zebralution<\/strong>\u00a0<\/span>no s\u00f3lo facilita los canales de distribuci\u00f3n, sino que implementa herramientas que enriquecen la experiencia del usuario y promueven que los audiolibros sean descubiertos.<\/p><p id=\"u7134-18\">Desde principios del 2022,\u00a0<strong><span id=\"u7134-16\">Zebralution\u00a0<\/span><\/strong>desarrolla un proyecto para coproducir audiolibros en espa\u00f1ol con editores de Am\u00e9rica Latina, para distribuir esos contenidos tanto en canales y tiendas de audiolibros como en plataformas de m\u00fasica, de manera que se expanda el modelo de negocio de los audiolibros en beneficio de editores y audiencias de nuestra regi\u00f3n.<\/p><ul style=\"list-style: none;\"><li id=\"u7134-22\">Carlos Rojas Urrutia<\/li><li id=\"u7134-24\">Head of Spanish Content Zebralution<\/li><li id=\"u7134-26\">carlos.rojas@zebralution.com<\/li><li id=\"u7134-28\">+52 5528585993<\/li><li>\u00a0<\/li><li id=\"u7134-31\">Redes sociales:<\/li><\/ul><ul id=\"u7134-38\" class=\"list0 nls-None\" style=\"list-style: none;\"><li id=\"u7134-34\">Facebook<\/li><li id=\"u7134-37\"><a class=\"nonblock\" href=\"https:\/\/www.facebook.com\/ZebralutionGmbH\" target=\"_blank\" rel=\"noopener\">https:\/\/www.facebook.com\/ZebralutionGmbH<\/a><\/li><\/ul><ul id=\"u7134-45\" class=\"list0 nls-None\" style=\"list-style: none;\"><li id=\"u7134-41\">Twitter<\/li><li id=\"u7134-44\"><a class=\"nonblock\" href=\"https:\/\/twitter.com\/ZebralutionGmbH\" target=\"_blank\" rel=\"noopener\">https:\/\/twitter.com\/ZebralutionGmbH<\/a><\/li><\/ul><ul id=\"u7134-52\" class=\"list0 nls-None\" style=\"list-style: none;\"><li id=\"u7134-48\">Linkedin<\/li><li id=\"u7134-51\"><a class=\"nonblock\" href=\"https:\/\/www.linkedin.com\/company\/zebralution-gmbh\/mycompany\/\" target=\"_blank\" rel=\"noopener\">https:\/\/www.linkedin.com\/company\/zebralution-gmbh\/mycompany\/<\/a><\/li><\/ul><p>\u00a0<\/p><p id=\"u7134-56\">P\u00e1gina web:<\/p><p><a class=\"nonblock\" href=\"http:\/\/www.zebralution.com\/\" target=\"_blank\" rel=\"noopener\">www.zebralution.com<\/a><\/p><ul style=\"list-style: none;\"><li id=\"u7134-63\"><a class=\"nonblock\" href=\"http:\/\/www.lismio.com\/\" target=\"_blank\" rel=\"noopener\">www.lismio.com<\/a><\/li><li id=\"u7134-65\">\u00a0<\/li><\/ul>\t\t\t\t\t\t\t\t<\/div>\n\t\t\t\t<\/div>\n\t\t\t\t\t<\/div>\n\t\t\t\t<\/div>\n\t\t\t\t<\/div>\n\t\t","protected":false},"excerpt":{"rendered":"<p>ZEBRALUTION Zebralution\u00a0es un distribuidor digital de contenido de audio: m\u00fasica, audilibros y podcast, que juega un papel clave en la industria editorial alemana y que adem\u00e1s opera en otras regiones <a class=\"more-link\" href=\"https:\/\/editamos.com.mx\/BecaGrijalbo\/zebralution\/\">Seguir leyendo &rarr;<\/a><\/p>\n","protected":false},"author":1,"featured_media":0,"parent":0,"menu_order":0,"comment_status":"closed","ping_status":"closed","template":"elementor_header_footer","meta":{"footnotes":""},"class_list":["post-453","page","type-page","status-publish","hentry"],"_links":{"self":[{"href":"https:\/\/editamos.com.mx\/BecaGrijalbo\/wp-json\/wp\/v2\/pages\/453","targetHints":{"allow":["GET"]}}],"collection":[{"href":"https:\/\/editamos.com.mx\/BecaGrijalbo\/wp-json\/wp\/v2\/pages"}],"about":[{"href":"https:\/\/editamos.com.mx\/BecaGrijalbo\/wp-json\/wp\/v2\/types\/page"}],"author":[{"embeddable":true,"href":"https:\/\/editamos.com.mx\/BecaGrijalbo\/wp-json\/wp\/v2\/users\/1"}],"replies":[{"embeddable":true,"href":"https:\/\/editamos.com.mx\/BecaGrijalbo\/wp-json\/wp\/v2\/comments?post=453"}],"version-history":[{"count":10,"href":"https:\/\/editamos.com.mx\/BecaGrijalbo\/wp-json\/wp\/v2\/pages\/453\/revisions"}],"predecessor-version":[{"id":740,"href":"https:\/\/editamos.com.mx\/BecaGrijalbo\/wp-json\/wp\/v2\/pages\/453\/revisions\/740"}],"wp:attachment":[{"href":"https:\/\/editamos.com.mx\/BecaGrijalbo\/wp-json\/wp\/v2\/media?parent=453"}],"curies":[{"name":"wp","href":"https:\/\/api.w.org\/{rel}","templated":true}]}}