{"id":2022,"date":"2025-10-12T21:21:35","date_gmt":"2025-10-12T21:21:35","guid":{"rendered":"https:\/\/editamos.com.mx\/BecaGrijalbo\/?page_id=2022"},"modified":"2025-10-12T21:24:25","modified_gmt":"2025-10-12T21:24:25","slug":"giovanna-reni","status":"publish","type":"page","link":"https:\/\/editamos.com.mx\/BecaGrijalbo\/giovanna-reni\/","title":{"rendered":"Giovanna Reni"},"content":{"rendered":"\t\t<div data-elementor-type=\"wp-page\" data-elementor-id=\"2022\" class=\"elementor elementor-2022\">\n\t\t\t\t<div class=\"elementor-element elementor-element-ee4d9fa e-grid e-con-boxed e-con e-parent\" data-id=\"ee4d9fa\" data-element_type=\"container\">\n\t\t\t\t\t<div class=\"e-con-inner\">\n\t\t\t\t<div class=\"elementor-element elementor-element-248726c elementor-widget elementor-widget-image\" data-id=\"248726c\" data-element_type=\"widget\" data-widget_type=\"image.default\">\n\t\t\t\t<div class=\"elementor-widget-container\">\n\t\t\t\t\t\t\t\t\t\t\t\t\t\t\t<img fetchpriority=\"high\" decoding=\"async\" width=\"690\" height=\"690\" src=\"https:\/\/editamos.com.mx\/BecaGrijalbo\/wp-content\/uploads\/2025\/10\/Giovanna-Reni-modified-1.png\" class=\"attachment-large size-large wp-image-2021\" alt=\"\" srcset=\"https:\/\/editamos.com.mx\/BecaGrijalbo\/wp-content\/uploads\/2025\/10\/Giovanna-Reni-modified-1.png 920w, https:\/\/editamos.com.mx\/BecaGrijalbo\/wp-content\/uploads\/2025\/10\/Giovanna-Reni-modified-1-300x300.png 300w, https:\/\/editamos.com.mx\/BecaGrijalbo\/wp-content\/uploads\/2025\/10\/Giovanna-Reni-modified-1-150x150.png 150w, https:\/\/editamos.com.mx\/BecaGrijalbo\/wp-content\/uploads\/2025\/10\/Giovanna-Reni-modified-1-768x768.png 768w\" sizes=\"(max-width: 690px) 100vw, 690px\" \/>\t\t\t\t\t\t\t\t\t\t\t\t\t\t\t<\/div>\n\t\t\t\t<\/div>\n\t\t\t\t<div class=\"elementor-element elementor-element-a2c4b0b elementor-widget elementor-widget-text-editor\" data-id=\"a2c4b0b\" data-element_type=\"widget\" data-widget_type=\"text-editor.default\">\n\t\t\t\t<div class=\"elementor-widget-container\">\n\t\t\t\t\t\t\t\t\t<p id=\"u6689-2\"><strong>Giovanna Reni.<\/strong><\/p><p>Inicia su carrera como creadora estudiando la licenciatura en Artes Pl\u00e1sticas, es egresada de la <strong>ENPEG<\/strong>, &#8216;La Esmeralda&#8217;. Residi\u00f3 un periodo en Venecia trabajando en The Peggy Guggenheim Collection. Su obra abarca pintura, cer\u00e1mica, collage, gyotaku y esculturas construidas a base de objetos encontrados e intervenidos. Es asesora de dise\u00f1o de espacios y adquisici\u00f3n de obras de arte en M\u00e9xico y Estados Unidos. De forma paralela, su trayectoria abarca tambi\u00e9n m\u00e1s de 15 a\u00f1os de experiencia en moda y dise\u00f1o de vestuario en M\u00e9xico y Miami.<\/p><p>Una creadora multidisciplinaria, que se ha desenvuelto exitosamente en distintos universos. Alumna de Francisco Prieto y Guillermo Arriaga, recientemente, en el mes de agosto, publica de la mano de <a href=\"https:\/\/editamos.com.mx\/BecaGrijalbo\/penguin-random-house\/\"><strong>Penguin Random House<\/strong> <\/a>su primera novela, Sustancias incompletas, con gran expectativa.<\/p>\t\t\t\t\t\t\t\t<\/div>\n\t\t\t\t<\/div>\n\t\t\t\t\t<\/div>\n\t\t\t\t<\/div>\n\t\t\t\t<\/div>\n\t\t","protected":false},"excerpt":{"rendered":"<p>Giovanna Reni. Inicia su carrera como creadora estudiando la licenciatura en Artes Pl\u00e1sticas, es egresada de la ENPEG, &#8216;La Esmeralda&#8217;. Residi\u00f3 un periodo en Venecia trabajando en The Peggy Guggenheim <a class=\"more-link\" href=\"https:\/\/editamos.com.mx\/BecaGrijalbo\/giovanna-reni\/\">Seguir leyendo &rarr;<\/a><\/p>\n","protected":false},"author":1,"featured_media":0,"parent":0,"menu_order":0,"comment_status":"closed","ping_status":"closed","template":"elementor_header_footer","meta":{"footnotes":""},"class_list":["post-2022","page","type-page","status-publish","hentry"],"_links":{"self":[{"href":"https:\/\/editamos.com.mx\/BecaGrijalbo\/wp-json\/wp\/v2\/pages\/2022","targetHints":{"allow":["GET"]}}],"collection":[{"href":"https:\/\/editamos.com.mx\/BecaGrijalbo\/wp-json\/wp\/v2\/pages"}],"about":[{"href":"https:\/\/editamos.com.mx\/BecaGrijalbo\/wp-json\/wp\/v2\/types\/page"}],"author":[{"embeddable":true,"href":"https:\/\/editamos.com.mx\/BecaGrijalbo\/wp-json\/wp\/v2\/users\/1"}],"replies":[{"embeddable":true,"href":"https:\/\/editamos.com.mx\/BecaGrijalbo\/wp-json\/wp\/v2\/comments?post=2022"}],"version-history":[{"count":4,"href":"https:\/\/editamos.com.mx\/BecaGrijalbo\/wp-json\/wp\/v2\/pages\/2022\/revisions"}],"predecessor-version":[{"id":2027,"href":"https:\/\/editamos.com.mx\/BecaGrijalbo\/wp-json\/wp\/v2\/pages\/2022\/revisions\/2027"}],"wp:attachment":[{"href":"https:\/\/editamos.com.mx\/BecaGrijalbo\/wp-json\/wp\/v2\/media?parent=2022"}],"curies":[{"name":"wp","href":"https:\/\/api.w.org\/{rel}","templated":true}]}}