{"id":2009,"date":"2025-10-08T22:26:07","date_gmt":"2025-10-08T22:26:07","guid":{"rendered":"https:\/\/editamos.com.mx\/BecaGrijalbo\/?page_id=2009"},"modified":"2025-10-08T22:31:02","modified_gmt":"2025-10-08T22:31:02","slug":"liliana-villegas-bonilla","status":"publish","type":"page","link":"https:\/\/editamos.com.mx\/BecaGrijalbo\/liliana-villegas-bonilla\/","title":{"rendered":"Liliana Villegas Bonilla"},"content":{"rendered":"\t\t<div data-elementor-type=\"wp-page\" data-elementor-id=\"2009\" class=\"elementor elementor-2009\">\n\t\t\t\t<div class=\"elementor-element elementor-element-ee4d9fa e-grid e-con-boxed e-con e-parent\" data-id=\"ee4d9fa\" data-element_type=\"container\">\n\t\t\t\t\t<div class=\"e-con-inner\">\n\t\t\t\t<div class=\"elementor-element elementor-element-248726c elementor-widget elementor-widget-image\" data-id=\"248726c\" data-element_type=\"widget\" data-widget_type=\"image.default\">\n\t\t\t\t<div class=\"elementor-widget-container\">\n\t\t\t\t\t\t\t\t\t\t\t\t\t\t\t<img fetchpriority=\"high\" decoding=\"async\" width=\"574\" height=\"574\" src=\"https:\/\/editamos.com.mx\/BecaGrijalbo\/wp-content\/uploads\/2025\/10\/Liliana-Villegas-Bonilla-modified.png\" class=\"attachment-large size-large wp-image-2001\" alt=\"\" srcset=\"https:\/\/editamos.com.mx\/BecaGrijalbo\/wp-content\/uploads\/2025\/10\/Liliana-Villegas-Bonilla-modified.png 574w, https:\/\/editamos.com.mx\/BecaGrijalbo\/wp-content\/uploads\/2025\/10\/Liliana-Villegas-Bonilla-modified-300x300.png 300w, https:\/\/editamos.com.mx\/BecaGrijalbo\/wp-content\/uploads\/2025\/10\/Liliana-Villegas-Bonilla-modified-150x150.png 150w\" sizes=\"(max-width: 574px) 100vw, 574px\" \/>\t\t\t\t\t\t\t\t\t\t\t\t\t\t\t<\/div>\n\t\t\t\t<\/div>\n\t\t\t\t<div class=\"elementor-element elementor-element-a2c4b0b elementor-widget elementor-widget-text-editor\" data-id=\"a2c4b0b\" data-element_type=\"widget\" data-widget_type=\"text-editor.default\">\n\t\t\t\t<div class=\"elementor-widget-container\">\n\t\t\t\t\t\t\t\t\t<p id=\"u6689-2\"><strong>Liliana Villegas Bonilla<\/strong><\/p><p id=\"u6689-19\">Naci\u00f3 en agosto, en la Ciudad de M\u00e9xico. Es escritora. Estudi\u00f3 la Maestr\u00eda en Apreciaci\u00f3n y Creaci\u00f3n Literaria en el Centro de Cultura Casa Lamm. Curs\u00f3 tambi\u00e9n el Diplomado en Creaci\u00f3n Literaria por el Centro de escritores de Casa Lamm, de un a\u00f1o y medio. Es correctora de estilo, avalada por la escuela espa\u00f1ola C\u00e1lamo &amp;amp; Cran, y por la Certificaci\u00f3n que imparti\u00f3 Editorial Trillas en 2017.<\/p><p>Ha colaborado para GEMA Editores, Editorial Trillas, Editorial RAF, elgourmet.com, PricewaterhouseCoopers, Cl\u00ednica de Atenci\u00f3n Psicol\u00f3gica Integral (<strong>CAPI<\/strong>) y Fundaci\u00f3n ProEmpleo, entre otras.<\/p>\t\t\t\t\t\t\t\t<\/div>\n\t\t\t\t<\/div>\n\t\t\t\t\t<\/div>\n\t\t\t\t<\/div>\n\t\t<div class=\"elementor-element elementor-element-9b3985d e-flex e-con-boxed e-con e-parent\" data-id=\"9b3985d\" data-element_type=\"container\">\n\t\t\t\t\t<div class=\"e-con-inner\">\n\t\t\t\t<div class=\"elementor-element elementor-element-243d0a5 elementor-widget elementor-widget-text-editor\" data-id=\"243d0a5\" data-element_type=\"widget\" data-widget_type=\"text-editor.default\">\n\t\t\t\t<div class=\"elementor-widget-container\">\n\t\t\t\t\t\t\t\t\t<p>Ha realizado entrevistas literarias; y particip\u00f3 en <strong>Editorial Arrowy<\/strong> como locutora del programa \u201cSigue leyendo\u201d de radio por internet. Es fundadora de <strong>InWriter<\/strong> [inwriter.com.mx] donde se ha desempe\u00f1ado como maestra de escritura creativa, redacci\u00f3n, creaci\u00f3n literaria y poes\u00eda. Imparte un programa de asesor\u00eda para escribir libros.<\/p><p>Algunos libros de sus alumnos de asesor\u00eda: Crece o Muere (2018), de Alberto C\u00e1rdenas, fundador de la empresa Salexperts; C\u00e1ntame un poema (2020), Delirios literarios (2021), de Jes\u00fas B. Galera Lamadrid, exdirector de log\u00edstica de Editorial Trillas.<\/p><p>LIBRO DE CUENTOS: Cuerpos de trapo, (2015).<br \/>ANTOLOG\u00cdA: Caminamos rotos, luz y oscuridad en la pandemia (2024).<\/p>\t\t\t\t\t\t\t\t<\/div>\n\t\t\t\t<\/div>\n\t\t\t\t\t<\/div>\n\t\t\t\t<\/div>\n\t\t\t\t<\/div>\n\t\t","protected":false},"excerpt":{"rendered":"<p>Liliana Villegas Bonilla Naci\u00f3 en agosto, en la Ciudad de M\u00e9xico. Es escritora. Estudi\u00f3 la Maestr\u00eda en Apreciaci\u00f3n y Creaci\u00f3n Literaria en el Centro de Cultura Casa Lamm. Curs\u00f3 tambi\u00e9n <a class=\"more-link\" href=\"https:\/\/editamos.com.mx\/BecaGrijalbo\/liliana-villegas-bonilla\/\">Seguir leyendo &rarr;<\/a><\/p>\n","protected":false},"author":1,"featured_media":0,"parent":0,"menu_order":0,"comment_status":"closed","ping_status":"closed","template":"elementor_header_footer","meta":{"footnotes":""},"class_list":["post-2009","page","type-page","status-publish","hentry"],"_links":{"self":[{"href":"https:\/\/editamos.com.mx\/BecaGrijalbo\/wp-json\/wp\/v2\/pages\/2009","targetHints":{"allow":["GET"]}}],"collection":[{"href":"https:\/\/editamos.com.mx\/BecaGrijalbo\/wp-json\/wp\/v2\/pages"}],"about":[{"href":"https:\/\/editamos.com.mx\/BecaGrijalbo\/wp-json\/wp\/v2\/types\/page"}],"author":[{"embeddable":true,"href":"https:\/\/editamos.com.mx\/BecaGrijalbo\/wp-json\/wp\/v2\/users\/1"}],"replies":[{"embeddable":true,"href":"https:\/\/editamos.com.mx\/BecaGrijalbo\/wp-json\/wp\/v2\/comments?post=2009"}],"version-history":[{"count":4,"href":"https:\/\/editamos.com.mx\/BecaGrijalbo\/wp-json\/wp\/v2\/pages\/2009\/revisions"}],"predecessor-version":[{"id":2016,"href":"https:\/\/editamos.com.mx\/BecaGrijalbo\/wp-json\/wp\/v2\/pages\/2009\/revisions\/2016"}],"wp:attachment":[{"href":"https:\/\/editamos.com.mx\/BecaGrijalbo\/wp-json\/wp\/v2\/media?parent=2009"}],"curies":[{"name":"wp","href":"https:\/\/api.w.org\/{rel}","templated":true}]}}