{"id":2000,"date":"2025-10-08T22:01:41","date_gmt":"2025-10-08T22:01:41","guid":{"rendered":"https:\/\/editamos.com.mx\/BecaGrijalbo\/?page_id=2000"},"modified":"2025-10-08T22:06:43","modified_gmt":"2025-10-08T22:06:43","slug":"sigrid-kraus","status":"publish","type":"page","link":"https:\/\/editamos.com.mx\/BecaGrijalbo\/sigrid-kraus\/","title":{"rendered":"Sigrid Kraus"},"content":{"rendered":"\t\t<div data-elementor-type=\"wp-page\" data-elementor-id=\"2000\" class=\"elementor elementor-2000\">\n\t\t\t\t<div class=\"elementor-element elementor-element-ee4d9fa e-grid e-con-boxed e-con e-parent\" data-id=\"ee4d9fa\" data-element_type=\"container\">\n\t\t\t\t\t<div class=\"e-con-inner\">\n\t\t\t\t<div class=\"elementor-element elementor-element-248726c elementor-widget elementor-widget-image\" data-id=\"248726c\" data-element_type=\"widget\" data-widget_type=\"image.default\">\n\t\t\t\t<div class=\"elementor-widget-container\">\n\t\t\t\t\t\t\t\t\t\t\t\t\t\t\t<img fetchpriority=\"high\" decoding=\"async\" width=\"690\" height=\"690\" src=\"https:\/\/editamos.com.mx\/BecaGrijalbo\/wp-content\/uploads\/2025\/10\/Sigrid-Kraus-modified-1024x1024.png\" class=\"attachment-large size-large wp-image-1999\" alt=\"\" srcset=\"https:\/\/editamos.com.mx\/BecaGrijalbo\/wp-content\/uploads\/2025\/10\/Sigrid-Kraus-modified-1024x1024.png 1024w, https:\/\/editamos.com.mx\/BecaGrijalbo\/wp-content\/uploads\/2025\/10\/Sigrid-Kraus-modified-300x300.png 300w, https:\/\/editamos.com.mx\/BecaGrijalbo\/wp-content\/uploads\/2025\/10\/Sigrid-Kraus-modified-150x150.png 150w, https:\/\/editamos.com.mx\/BecaGrijalbo\/wp-content\/uploads\/2025\/10\/Sigrid-Kraus-modified-768x768.png 768w, https:\/\/editamos.com.mx\/BecaGrijalbo\/wp-content\/uploads\/2025\/10\/Sigrid-Kraus-modified.png 1092w\" sizes=\"(max-width: 690px) 100vw, 690px\" \/>\t\t\t\t\t\t\t\t\t\t\t\t\t\t\t<\/div>\n\t\t\t\t<\/div>\n\t\t\t\t<div class=\"elementor-element elementor-element-a2c4b0b elementor-widget elementor-widget-text-editor\" data-id=\"a2c4b0b\" data-element_type=\"widget\" data-widget_type=\"text-editor.default\">\n\t\t\t\t<div class=\"elementor-widget-container\">\n\t\t\t\t\t\t\t\t\t<p id=\"u6689-2\"><strong>Sigrid Kraus<\/strong><\/p><p id=\"u6689-19\">Naci\u00f3 en 1964 en Gunzenhausen, Alemania. Desde muy temprana edad, las incursiones furtivas en la biblioteca de su abuelo despertaron su pasi\u00f3n por los libros, y a los quince a\u00f1os ya ten\u00eda claro que su futuro estaba en la edici\u00f3n.<\/p><p>Transcurrida su infancia y juventud en Brasil, donde su familia se hab\u00eda instalado por motivos profesionales, con diecinueve a\u00f1os se traslada a Alemania para realizar un curso de formaci\u00f3n de editora y librera en Hamburgo. Concluido este, ingresa en la universidad de dicha ciudad para licenciarse en Historia y Administraci\u00f3n de Empresas. Poco despu\u00e9s, su primera experiencia profesional tuvo lugar en Londres, en <strong>Transworld Publishers<\/strong>, tras lo cual, en 1991, da el salto al mundo de habla hispana al empezar a trabajar como asistente editorial en C\u00edrculo de Lectores de Barcelona.<\/p>\t\t\t\t\t\t\t\t<\/div>\n\t\t\t\t<\/div>\n\t\t\t\t\t<\/div>\n\t\t\t\t<\/div>\n\t\t<div class=\"elementor-element elementor-element-8e7807c e-flex e-con-boxed e-con e-parent\" data-id=\"8e7807c\" data-element_type=\"container\">\n\t\t\t\t\t<div class=\"e-con-inner\">\n\t\t\t\t<div class=\"elementor-element elementor-element-10edeeb elementor-widget elementor-widget-text-editor\" data-id=\"10edeeb\" data-element_type=\"widget\" data-widget_type=\"text-editor.default\">\n\t\t\t\t<div class=\"elementor-widget-container\">\n\t\t\t\t\t\t\t\t\t<p>Un a\u00f1o m\u00e1s tarde se incorpora como directora literaria a Emec\u00e9 Editores Espa\u00f1a, filial de la venerable editorial argentina del mismo nombre. El a\u00f1o 2000 funda junto con su marido Pedro del Carril la editorial Salamandra, que durante dos decenios se convierte en un fen\u00f3meno editorial pleno de resonantes \u00e9xitos. En 2019, tras la adquisici\u00f3n de la editorial por parte de <strong>Penguin Random House<\/strong>, Sigrid pasa a ser Directora Editorial de Salamandra dentro del grupo. En 2023, deja formalmente su cargo y comienza su etapa actual de Consultora independiente para la divisi\u00f3n literaria de <a href=\"https:\/\/editamos.com.mx\/BecaGrijalbo\/penguin-random-house\/\"><strong>Penguin Random House.<\/strong><\/a><\/p>\t\t\t\t\t\t\t\t<\/div>\n\t\t\t\t<\/div>\n\t\t\t\t\t<\/div>\n\t\t\t\t<\/div>\n\t\t\t\t<\/div>\n\t\t","protected":false},"excerpt":{"rendered":"<p>Sigrid Kraus Naci\u00f3 en 1964 en Gunzenhausen, Alemania. Desde muy temprana edad, las incursiones furtivas en la biblioteca de su abuelo despertaron su pasi\u00f3n por los libros, y a los <a class=\"more-link\" href=\"https:\/\/editamos.com.mx\/BecaGrijalbo\/sigrid-kraus\/\">Seguir leyendo &rarr;<\/a><\/p>\n","protected":false},"author":1,"featured_media":0,"parent":0,"menu_order":0,"comment_status":"closed","ping_status":"closed","template":"elementor_header_footer","meta":{"footnotes":""},"class_list":["post-2000","page","type-page","status-publish","hentry"],"_links":{"self":[{"href":"https:\/\/editamos.com.mx\/BecaGrijalbo\/wp-json\/wp\/v2\/pages\/2000","targetHints":{"allow":["GET"]}}],"collection":[{"href":"https:\/\/editamos.com.mx\/BecaGrijalbo\/wp-json\/wp\/v2\/pages"}],"about":[{"href":"https:\/\/editamos.com.mx\/BecaGrijalbo\/wp-json\/wp\/v2\/types\/page"}],"author":[{"embeddable":true,"href":"https:\/\/editamos.com.mx\/BecaGrijalbo\/wp-json\/wp\/v2\/users\/1"}],"replies":[{"embeddable":true,"href":"https:\/\/editamos.com.mx\/BecaGrijalbo\/wp-json\/wp\/v2\/comments?post=2000"}],"version-history":[{"count":4,"href":"https:\/\/editamos.com.mx\/BecaGrijalbo\/wp-json\/wp\/v2\/pages\/2000\/revisions"}],"predecessor-version":[{"id":2005,"href":"https:\/\/editamos.com.mx\/BecaGrijalbo\/wp-json\/wp\/v2\/pages\/2000\/revisions\/2005"}],"wp:attachment":[{"href":"https:\/\/editamos.com.mx\/BecaGrijalbo\/wp-json\/wp\/v2\/media?parent=2000"}],"curies":[{"name":"wp","href":"https:\/\/api.w.org\/{rel}","templated":true}]}}