{"id":1953,"date":"2025-09-30T19:12:29","date_gmt":"2025-09-30T19:12:29","guid":{"rendered":"https:\/\/editamos.com.mx\/BecaGrijalbo\/?page_id=1953"},"modified":"2025-09-30T19:14:39","modified_gmt":"2025-09-30T19:14:39","slug":"juan-luis-r-pons","status":"publish","type":"page","link":"https:\/\/editamos.com.mx\/BecaGrijalbo\/juan-luis-r-pons\/","title":{"rendered":"Juan Luis R. Pons"},"content":{"rendered":"\t\t<div data-elementor-type=\"wp-page\" data-elementor-id=\"1953\" class=\"elementor elementor-1953\">\n\t\t\t\t<div class=\"elementor-element elementor-element-ee4d9fa e-grid e-con-boxed e-con e-parent\" data-id=\"ee4d9fa\" data-element_type=\"container\">\n\t\t\t\t\t<div class=\"e-con-inner\">\n\t\t\t\t<div class=\"elementor-element elementor-element-248726c elementor-widget elementor-widget-image\" data-id=\"248726c\" data-element_type=\"widget\" data-widget_type=\"image.default\">\n\t\t\t\t<div class=\"elementor-widget-container\">\n\t\t\t\t\t\t\t\t\t\t\t\t\t\t\t<img fetchpriority=\"high\" decoding=\"async\" width=\"690\" height=\"690\" src=\"https:\/\/editamos.com.mx\/BecaGrijalbo\/wp-content\/uploads\/2025\/09\/Juan-Luis-R.-Pons-modified-1024x1024.png\" class=\"attachment-large size-large wp-image-1951\" alt=\"\" srcset=\"https:\/\/editamos.com.mx\/BecaGrijalbo\/wp-content\/uploads\/2025\/09\/Juan-Luis-R.-Pons-modified-1024x1024.png 1024w, https:\/\/editamos.com.mx\/BecaGrijalbo\/wp-content\/uploads\/2025\/09\/Juan-Luis-R.-Pons-modified-300x300.png 300w, https:\/\/editamos.com.mx\/BecaGrijalbo\/wp-content\/uploads\/2025\/09\/Juan-Luis-R.-Pons-modified-150x150.png 150w, https:\/\/editamos.com.mx\/BecaGrijalbo\/wp-content\/uploads\/2025\/09\/Juan-Luis-R.-Pons-modified-768x768.png 768w, https:\/\/editamos.com.mx\/BecaGrijalbo\/wp-content\/uploads\/2025\/09\/Juan-Luis-R.-Pons-modified.png 1364w\" sizes=\"(max-width: 690px) 100vw, 690px\" \/>\t\t\t\t\t\t\t\t\t\t\t\t\t\t\t<\/div>\n\t\t\t\t<\/div>\n\t\t\t\t<div class=\"elementor-element elementor-element-a2c4b0b elementor-widget elementor-widget-text-editor\" data-id=\"a2c4b0b\" data-element_type=\"widget\" data-widget_type=\"text-editor.default\">\n\t\t\t\t<div class=\"elementor-widget-container\">\n\t\t\t\t\t\t\t\t\t<p id=\"u6689-2\"><strong>Juan Luis R. Pons<\/strong><\/p><p id=\"u6689-19\">Acumula ya casi 30 a\u00f1os de contar historias y hacer que cobren vida en medios de comunicaci\u00f3n o dando talleres y consultor\u00eda a figuras p\u00fablicas y voceros de marca.<\/p><p>El ex editor en jefe de la revista Chilango ha entrenado y dado consultor\u00eda a empresarios, personas p\u00fablicas y especialistas como Hugo S\u00e1nchez, Yuya, Lorena Ochoa, Christian Ch\u00e1vez, Jos\u00e9 Ram\u00f3n Fern\u00e1ndez, Ingrid Coronado, la ex tesorera de Estados Unidos Rosario Mar\u00edn o el astronauta Jos\u00e9 Hern\u00e1ndez. Tambi\u00e9n ha capacitado a m\u00e1s de cien voceros de marca y ejecutivos de Mars, BBVA, Niagara Bottling y Jos\u00e9 Cuervo con su taller Del Storytelling al Storyshowing.<br \/>Su libro m\u00e1s reciente, M\u00e1s storytelling menos \u00bfY a m\u00ed qu\u00e9? publicado bajo el sello Aguilar de la editorial <strong>Penguin Random House<\/strong>, es un \u00e9xito en ventas en Amazon y ya va en la tercera reimpresi\u00f3n.<\/p>\t\t\t\t\t\t\t\t<\/div>\n\t\t\t\t<\/div>\n\t\t\t\t\t<\/div>\n\t\t\t\t<\/div>\n\t\t\t\t<\/div>\n\t\t","protected":false},"excerpt":{"rendered":"<p>Juan Luis R. Pons Acumula ya casi 30 a\u00f1os de contar historias y hacer que cobren vida en medios de comunicaci\u00f3n o dando talleres y consultor\u00eda a figuras p\u00fablicas y <a class=\"more-link\" href=\"https:\/\/editamos.com.mx\/BecaGrijalbo\/juan-luis-r-pons\/\">Seguir leyendo &rarr;<\/a><\/p>\n","protected":false},"author":1,"featured_media":0,"parent":0,"menu_order":0,"comment_status":"closed","ping_status":"closed","template":"elementor_header_footer","meta":{"footnotes":""},"class_list":["post-1953","page","type-page","status-publish","hentry"],"_links":{"self":[{"href":"https:\/\/editamos.com.mx\/BecaGrijalbo\/wp-json\/wp\/v2\/pages\/1953","targetHints":{"allow":["GET"]}}],"collection":[{"href":"https:\/\/editamos.com.mx\/BecaGrijalbo\/wp-json\/wp\/v2\/pages"}],"about":[{"href":"https:\/\/editamos.com.mx\/BecaGrijalbo\/wp-json\/wp\/v2\/types\/page"}],"author":[{"embeddable":true,"href":"https:\/\/editamos.com.mx\/BecaGrijalbo\/wp-json\/wp\/v2\/users\/1"}],"replies":[{"embeddable":true,"href":"https:\/\/editamos.com.mx\/BecaGrijalbo\/wp-json\/wp\/v2\/comments?post=1953"}],"version-history":[{"count":4,"href":"https:\/\/editamos.com.mx\/BecaGrijalbo\/wp-json\/wp\/v2\/pages\/1953\/revisions"}],"predecessor-version":[{"id":1957,"href":"https:\/\/editamos.com.mx\/BecaGrijalbo\/wp-json\/wp\/v2\/pages\/1953\/revisions\/1957"}],"wp:attachment":[{"href":"https:\/\/editamos.com.mx\/BecaGrijalbo\/wp-json\/wp\/v2\/media?parent=1953"}],"curies":[{"name":"wp","href":"https:\/\/api.w.org\/{rel}","templated":true}]}}