{"id":1893,"date":"2025-09-24T17:26:53","date_gmt":"2025-09-24T17:26:53","guid":{"rendered":"https:\/\/editamos.com.mx\/BecaGrijalbo\/?page_id=1893"},"modified":"2025-09-24T17:29:25","modified_gmt":"2025-09-24T17:29:25","slug":"enrique-calderon","status":"publish","type":"page","link":"https:\/\/editamos.com.mx\/BecaGrijalbo\/enrique-calderon\/","title":{"rendered":"Enrique Calder\u00f3n"},"content":{"rendered":"\t\t<div data-elementor-type=\"wp-page\" data-elementor-id=\"1893\" class=\"elementor elementor-1893\">\n\t\t\t\t<div class=\"elementor-element elementor-element-ee4d9fa e-grid e-con-boxed e-con e-parent\" data-id=\"ee4d9fa\" data-element_type=\"container\">\n\t\t\t\t\t<div class=\"e-con-inner\">\n\t\t\t\t<div class=\"elementor-element elementor-element-248726c elementor-widget elementor-widget-image\" data-id=\"248726c\" data-element_type=\"widget\" data-widget_type=\"image.default\">\n\t\t\t\t<div class=\"elementor-widget-container\">\n\t\t\t\t\t\t\t\t\t\t\t\t\t\t\t<img fetchpriority=\"high\" decoding=\"async\" width=\"290\" height=\"290\" src=\"https:\/\/editamos.com.mx\/BecaGrijalbo\/wp-content\/uploads\/2025\/09\/Enrique-Calderon-modified.png\" class=\"attachment-large size-large wp-image-1889\" alt=\"\" srcset=\"https:\/\/editamos.com.mx\/BecaGrijalbo\/wp-content\/uploads\/2025\/09\/Enrique-Calderon-modified.png 290w, https:\/\/editamos.com.mx\/BecaGrijalbo\/wp-content\/uploads\/2025\/09\/Enrique-Calderon-modified-150x150.png 150w\" sizes=\"(max-width: 290px) 100vw, 290px\" \/>\t\t\t\t\t\t\t\t\t\t\t\t\t\t\t<\/div>\n\t\t\t\t<\/div>\n\t\t\t\t<div class=\"elementor-element elementor-element-a2c4b0b elementor-widget elementor-widget-text-editor\" data-id=\"a2c4b0b\" data-element_type=\"widget\" data-widget_type=\"text-editor.default\">\n\t\t\t\t<div class=\"elementor-widget-container\">\n\t\t\t\t\t\t\t\t\t<p id=\"u6689-2\"><strong>Enrique Calder\u00f3n<\/strong><\/p><p id=\"u6689-19\">Editor con veinte a\u00f1os de experiencia en el \u00e1mbito acad\u00e9mico y editorial. Estudi\u00f3 Filosof\u00eda en la Facultad de Filosof\u00eda y Letras de la <strong>UNAM<\/strong>, donde obtuvo la licenciatura y la\u00a0 maestr\u00eda, especializ\u00e1ndose en subjetividad contempor\u00e1nea, est\u00e9tica y teor\u00eda literaria. Ha sido profesor adjunto en la UNAM y de asignatura en la <strong>Universidad Iberoamericana<\/strong>. En el sector editorial, ha trabajado en Grupo Planeta y en <strong><a href=\"https:\/\/editamos.com.mx\/BecaGrijalbo\/penguin-random-house\/\">Penguin Random House Grupo Editorial<\/a><\/strong>, donde actualmente es director literario de los sellos Grijalbo, Debate, Random House y Debolsillo.<\/p>\t\t\t\t\t\t\t\t<\/div>\n\t\t\t\t<\/div>\n\t\t\t\t\t<\/div>\n\t\t\t\t<\/div>\n\t\t\t\t<\/div>\n\t\t","protected":false},"excerpt":{"rendered":"<p>Enrique Calder\u00f3n Editor con veinte a\u00f1os de experiencia en el \u00e1mbito acad\u00e9mico y editorial. Estudi\u00f3 Filosof\u00eda en la Facultad de Filosof\u00eda y Letras de la UNAM, donde obtuvo la licenciatura <a class=\"more-link\" href=\"https:\/\/editamos.com.mx\/BecaGrijalbo\/enrique-calderon\/\">Seguir leyendo &rarr;<\/a><\/p>\n","protected":false},"author":1,"featured_media":0,"parent":0,"menu_order":0,"comment_status":"closed","ping_status":"closed","template":"elementor_header_footer","meta":{"footnotes":""},"class_list":["post-1893","page","type-page","status-publish","hentry"],"_links":{"self":[{"href":"https:\/\/editamos.com.mx\/BecaGrijalbo\/wp-json\/wp\/v2\/pages\/1893","targetHints":{"allow":["GET"]}}],"collection":[{"href":"https:\/\/editamos.com.mx\/BecaGrijalbo\/wp-json\/wp\/v2\/pages"}],"about":[{"href":"https:\/\/editamos.com.mx\/BecaGrijalbo\/wp-json\/wp\/v2\/types\/page"}],"author":[{"embeddable":true,"href":"https:\/\/editamos.com.mx\/BecaGrijalbo\/wp-json\/wp\/v2\/users\/1"}],"replies":[{"embeddable":true,"href":"https:\/\/editamos.com.mx\/BecaGrijalbo\/wp-json\/wp\/v2\/comments?post=1893"}],"version-history":[{"count":4,"href":"https:\/\/editamos.com.mx\/BecaGrijalbo\/wp-json\/wp\/v2\/pages\/1893\/revisions"}],"predecessor-version":[{"id":1897,"href":"https:\/\/editamos.com.mx\/BecaGrijalbo\/wp-json\/wp\/v2\/pages\/1893\/revisions\/1897"}],"wp:attachment":[{"href":"https:\/\/editamos.com.mx\/BecaGrijalbo\/wp-json\/wp\/v2\/media?parent=1893"}],"curies":[{"name":"wp","href":"https:\/\/api.w.org\/{rel}","templated":true}]}}