{"id":1805,"date":"2025-07-29T02:53:19","date_gmt":"2025-07-29T02:53:19","guid":{"rendered":"https:\/\/editamos.com.mx\/BecaGrijalbo\/?page_id=1805"},"modified":"2025-07-29T02:54:56","modified_gmt":"2025-07-29T02:54:56","slug":"selva-hernandez","status":"publish","type":"page","link":"https:\/\/editamos.com.mx\/BecaGrijalbo\/selva-hernandez\/","title":{"rendered":"Selva Hern\u00e1ndez"},"content":{"rendered":"\t\t<div data-elementor-type=\"wp-page\" data-elementor-id=\"1805\" class=\"elementor elementor-1805\">\n\t\t\t\t<div class=\"elementor-element elementor-element-ee4d9fa e-grid e-con-boxed e-con e-parent\" data-id=\"ee4d9fa\" data-element_type=\"container\">\n\t\t\t\t\t<div class=\"e-con-inner\">\n\t\t\t\t<div class=\"elementor-element elementor-element-248726c elementor-widget elementor-widget-image\" data-id=\"248726c\" data-element_type=\"widget\" data-widget_type=\"image.default\">\n\t\t\t\t<div class=\"elementor-widget-container\">\n\t\t\t\t\t\t\t\t\t\t\t\t\t\t\t<img fetchpriority=\"high\" decoding=\"async\" width=\"690\" height=\"690\" src=\"https:\/\/editamos.com.mx\/BecaGrijalbo\/wp-content\/uploads\/2025\/07\/Foto-Selva-Hernandez-modified-1024x1024.png\" class=\"attachment-large size-large wp-image-1746\" alt=\"\" srcset=\"https:\/\/editamos.com.mx\/BecaGrijalbo\/wp-content\/uploads\/2025\/07\/Foto-Selva-Hernandez-modified-1024x1024.png 1024w, https:\/\/editamos.com.mx\/BecaGrijalbo\/wp-content\/uploads\/2025\/07\/Foto-Selva-Hernandez-modified-300x300.png 300w, https:\/\/editamos.com.mx\/BecaGrijalbo\/wp-content\/uploads\/2025\/07\/Foto-Selva-Hernandez-modified-150x150.png 150w, https:\/\/editamos.com.mx\/BecaGrijalbo\/wp-content\/uploads\/2025\/07\/Foto-Selva-Hernandez-modified-768x768.png 768w, https:\/\/editamos.com.mx\/BecaGrijalbo\/wp-content\/uploads\/2025\/07\/Foto-Selva-Hernandez-modified-1536x1536.png 1536w, https:\/\/editamos.com.mx\/BecaGrijalbo\/wp-content\/uploads\/2025\/07\/Foto-Selva-Hernandez-modified.png 1829w\" sizes=\"(max-width: 690px) 100vw, 690px\" \/>\t\t\t\t\t\t\t\t\t\t\t\t\t\t\t<\/div>\n\t\t\t\t<\/div>\n\t\t\t\t<div class=\"elementor-element elementor-element-a2c4b0b elementor-widget elementor-widget-text-editor\" data-id=\"a2c4b0b\" data-element_type=\"widget\" data-widget_type=\"text-editor.default\">\n\t\t\t\t<div class=\"elementor-widget-container\">\n\t\t\t\t\t\t\t\t\t<p id=\"u6689-2\"><strong>Selva Hern\u00e1ndez<\/strong><\/p><p id=\"u6689-19\">Es editora, bibli\u00f3fila y apasionada librera. Desde 1993 Selva Hern\u00e1ndez ha dedicado su carrera al dise\u00f1o de libros y la edici\u00f3n de publicaciones culturales, libros de arte, cat\u00e1logos para exposiciones y museos. Se inici\u00f3 con la publicaci\u00f3n Galera, dedicada a la bibliofilia y el arte del libro, as\u00ed como el taller de dise\u00f1o del mismo nombre. En 2011 fund\u00f3 Ediciones Acapulco, una editorial independiente que imprime libros de edici\u00f3n limitada con una cuidadosa selecci\u00f3n de contenidos, edici\u00f3n, impresi\u00f3n y dise\u00f1o. Ha fundado y dirigido var\u00edas librer\u00edas y espacios dedicados a la compra venta de libros, actualmente dirige Antonia, una librer\u00eda en la colonia Condesa de la Ciudad de M\u00e9xico con talleres, lecturas, exposiciones y espacios dedicados a la reflexi\u00f3n del libro como objeto. Tiene una maestr\u00eda en Estudios de Dise\u00f1o por Centro de Dise\u00f1o, Cine y Televisi\u00f3n y ha sido docente de bachillerato, licenciatura y maestr\u00eda en diversas instituciones p\u00fablicas y privadas.<\/p>\t\t\t\t\t\t\t\t<\/div>\n\t\t\t\t<\/div>\n\t\t\t\t\t<\/div>\n\t\t\t\t<\/div>\n\t\t\t\t<\/div>\n\t\t","protected":false},"excerpt":{"rendered":"<p>Selva Hern\u00e1ndez Es editora, bibli\u00f3fila y apasionada librera. Desde 1993 Selva Hern\u00e1ndez ha dedicado su carrera al dise\u00f1o de libros y la edici\u00f3n de publicaciones culturales, libros de arte, cat\u00e1logos <a class=\"more-link\" href=\"https:\/\/editamos.com.mx\/BecaGrijalbo\/selva-hernandez\/\">Seguir leyendo &rarr;<\/a><\/p>\n","protected":false},"author":1,"featured_media":0,"parent":0,"menu_order":0,"comment_status":"closed","ping_status":"closed","template":"elementor_header_footer","meta":{"footnotes":""},"class_list":["post-1805","page","type-page","status-publish","hentry"],"_links":{"self":[{"href":"https:\/\/editamos.com.mx\/BecaGrijalbo\/wp-json\/wp\/v2\/pages\/1805","targetHints":{"allow":["GET"]}}],"collection":[{"href":"https:\/\/editamos.com.mx\/BecaGrijalbo\/wp-json\/wp\/v2\/pages"}],"about":[{"href":"https:\/\/editamos.com.mx\/BecaGrijalbo\/wp-json\/wp\/v2\/types\/page"}],"author":[{"embeddable":true,"href":"https:\/\/editamos.com.mx\/BecaGrijalbo\/wp-json\/wp\/v2\/users\/1"}],"replies":[{"embeddable":true,"href":"https:\/\/editamos.com.mx\/BecaGrijalbo\/wp-json\/wp\/v2\/comments?post=1805"}],"version-history":[{"count":4,"href":"https:\/\/editamos.com.mx\/BecaGrijalbo\/wp-json\/wp\/v2\/pages\/1805\/revisions"}],"predecessor-version":[{"id":1814,"href":"https:\/\/editamos.com.mx\/BecaGrijalbo\/wp-json\/wp\/v2\/pages\/1805\/revisions\/1814"}],"wp:attachment":[{"href":"https:\/\/editamos.com.mx\/BecaGrijalbo\/wp-json\/wp\/v2\/media?parent=1805"}],"curies":[{"name":"wp","href":"https:\/\/api.w.org\/{rel}","templated":true}]}}