{"id":17,"date":"2024-06-24T19:00:26","date_gmt":"2024-06-24T19:00:26","guid":{"rendered":"http:\/\/editamos.com.mx\/BecaGrijalbo\/?page_id=17"},"modified":"2024-06-26T20:12:16","modified_gmt":"2024-06-26T20:12:16","slug":"objetivo","status":"publish","type":"page","link":"https:\/\/editamos.com.mx\/BecaGrijalbo\/objetivo\/","title":{"rendered":"Objetivo"},"content":{"rendered":"\t\t<div data-elementor-type=\"wp-page\" data-elementor-id=\"17\" class=\"elementor elementor-17\">\n\t\t\t\t<div class=\"elementor-element elementor-element-55d6ab2 e-flex e-con-boxed e-con e-parent\" data-id=\"55d6ab2\" data-element_type=\"container\">\n\t\t\t\t\t<div class=\"e-con-inner\">\n\t\t\t\t<div class=\"elementor-element elementor-element-b95fd8a elementor-widget elementor-widget-heading\" data-id=\"b95fd8a\" data-element_type=\"widget\" data-widget_type=\"heading.default\">\n\t\t\t\t<div class=\"elementor-widget-container\">\n\t\t\t\t\t<h2 class=\"elementor-heading-title elementor-size-default\">Objetivo general<\/h2>\t\t\t\t<\/div>\n\t\t\t\t<\/div>\n\t\t\t\t\t<\/div>\n\t\t\t\t<\/div>\n\t\t<div class=\"elementor-element elementor-element-839b364 e-flex e-con-boxed e-con e-parent\" data-id=\"839b364\" data-element_type=\"container\">\n\t\t\t\t\t<div class=\"e-con-inner\">\n\t\t\t\t<div class=\"elementor-element elementor-element-4c841da elementor-widget elementor-widget-text-editor\" data-id=\"4c841da\" data-element_type=\"widget\" data-widget_type=\"text-editor.default\">\n\t\t\t\t<div class=\"elementor-widget-container\">\n\t\t\t\t\t\t\t\t\t<p id=\"u5660-7\">El Seminario de introducci\u00f3n al mundo de los libros y las publicaciones peri\u00f3dicas.\u00a0<span id=\"u5660-5\">Beca \u201cJuan Grijalbo\u201d (BJG)<\/span>, tiene como objetivo general el brindar, desde el saber y la experiencia de quienes integran el cuerpo acad\u00e9mico, conocimiento sobre la multiplicidad de temas, actores, recursos y factores decisivos que est\u00e1n involucrados en la industria editorial y en el ecosistema del libro.<\/p><p>Nuestro enfoque sobre la edici\u00f3n se ha adaptado a nuestras nuevas circunstancias, ya no hablamos de editar libros o revistas; ahora se trata de editar contenido, y \u00e9ste puede pasar por distintos formatos, sustratos y\u00a0 medios de comunicaci\u00f3n. Y los contenidos, no importando extensi\u00f3n o formato, requiere de especializaci\u00f3n de quienes participan en el proceso.<\/p><p>Siendo un seminario de introducci\u00f3n, se ver\u00e1n distintos temas que, otorgar\u00e1n un nuevo horizonte en la realizaci\u00f3n de proyectos editoriales, culturales y multimediales.<\/p><p id=\"u5660-16\"><strong>Objetivos espec\u00edficos<\/strong><\/p><p id=\"u5660-19\" style=\"padding-left: 40px;\">\u2022 Que el participante obtenga los elementos esenciales para el desarrollo laboral actual y futuro.<\/p><p id=\"u5660-21\" style=\"padding-left: 40px;\">\u2022 Que el participante interactu\u00e9 con sus pares y establezca una comunidad que le haga sentir part\u00edcipe de un proyecto com\u00fan.<\/p><p id=\"u5660-23\" style=\"padding-left: 40px;\">\u2022 Que el participante pueda perfilar, mejorar y enriquecer el proyecto que present\u00f3 en la postulaci\u00f3n de la BJG.<\/p><p style=\"padding-left: 40px;\">\u2022 Que conozca de primera mano cu\u00e1les son los t\u00f3picos, tendencias, temas y elementos sustantivos de la industria editorial y las industrias culturales asociadas al libro.<\/p>\t\t\t\t\t\t\t\t<\/div>\n\t\t\t\t<\/div>\n\t\t\t\t\t<\/div>\n\t\t\t\t<\/div>\n\t\t\t\t<\/div>\n\t\t","protected":false},"excerpt":{"rendered":"<p>Objetivo general El Seminario de introducci\u00f3n al mundo de los libros y las publicaciones peri\u00f3dicas.\u00a0Beca \u201cJuan Grijalbo\u201d (BJG), tiene como objetivo general el brindar, desde el saber y la experiencia <a class=\"more-link\" href=\"https:\/\/editamos.com.mx\/BecaGrijalbo\/objetivo\/\">Seguir leyendo &rarr;<\/a><\/p>\n","protected":false},"author":1,"featured_media":0,"parent":0,"menu_order":0,"comment_status":"closed","ping_status":"closed","template":"elementor_header_footer","meta":{"footnotes":""},"class_list":["post-17","page","type-page","status-publish","hentry"],"_links":{"self":[{"href":"https:\/\/editamos.com.mx\/BecaGrijalbo\/wp-json\/wp\/v2\/pages\/17","targetHints":{"allow":["GET"]}}],"collection":[{"href":"https:\/\/editamos.com.mx\/BecaGrijalbo\/wp-json\/wp\/v2\/pages"}],"about":[{"href":"https:\/\/editamos.com.mx\/BecaGrijalbo\/wp-json\/wp\/v2\/types\/page"}],"author":[{"embeddable":true,"href":"https:\/\/editamos.com.mx\/BecaGrijalbo\/wp-json\/wp\/v2\/users\/1"}],"replies":[{"embeddable":true,"href":"https:\/\/editamos.com.mx\/BecaGrijalbo\/wp-json\/wp\/v2\/comments?post=17"}],"version-history":[{"count":4,"href":"https:\/\/editamos.com.mx\/BecaGrijalbo\/wp-json\/wp\/v2\/pages\/17\/revisions"}],"predecessor-version":[{"id":295,"href":"https:\/\/editamos.com.mx\/BecaGrijalbo\/wp-json\/wp\/v2\/pages\/17\/revisions\/295"}],"wp:attachment":[{"href":"https:\/\/editamos.com.mx\/BecaGrijalbo\/wp-json\/wp\/v2\/media?parent=17"}],"curies":[{"name":"wp","href":"https:\/\/api.w.org\/{rel}","templated":true}]}}