{"id":1214,"date":"2024-09-13T17:01:44","date_gmt":"2024-09-13T17:01:44","guid":{"rendered":"https:\/\/editamos.com.mx\/BecaGrijalbo\/?page_id=1214"},"modified":"2025-07-28T23:23:37","modified_gmt":"2025-07-28T23:23:37","slug":"ana-maria-bermudez","status":"publish","type":"page","link":"https:\/\/editamos.com.mx\/BecaGrijalbo\/ana-maria-bermudez\/","title":{"rendered":"Ana Mar\u00eda Berm\u00fadez"},"content":{"rendered":"\t\t<div data-elementor-type=\"wp-page\" data-elementor-id=\"1214\" class=\"elementor elementor-1214\">\n\t\t\t\t<div class=\"elementor-element elementor-element-ee4d9fa e-grid e-con-boxed e-con e-parent\" data-id=\"ee4d9fa\" data-element_type=\"container\">\n\t\t\t\t\t<div class=\"e-con-inner\">\n\t\t\t\t<div class=\"elementor-element elementor-element-248726c elementor-widget elementor-widget-image\" data-id=\"248726c\" data-element_type=\"widget\" data-widget_type=\"image.default\">\n\t\t\t\t<div class=\"elementor-widget-container\">\n\t\t\t\t\t\t\t\t\t\t\t\t\t\t\t<img fetchpriority=\"high\" decoding=\"async\" width=\"690\" height=\"690\" src=\"https:\/\/editamos.com.mx\/BecaGrijalbo\/wp-content\/uploads\/2024\/08\/Copia-de-Foto-de-perfil-modified.png\" class=\"attachment-large size-large wp-image-1138\" alt=\"\" srcset=\"https:\/\/editamos.com.mx\/BecaGrijalbo\/wp-content\/uploads\/2024\/08\/Copia-de-Foto-de-perfil-modified.png 864w, https:\/\/editamos.com.mx\/BecaGrijalbo\/wp-content\/uploads\/2024\/08\/Copia-de-Foto-de-perfil-modified-300x300.png 300w, https:\/\/editamos.com.mx\/BecaGrijalbo\/wp-content\/uploads\/2024\/08\/Copia-de-Foto-de-perfil-modified-150x150.png 150w, https:\/\/editamos.com.mx\/BecaGrijalbo\/wp-content\/uploads\/2024\/08\/Copia-de-Foto-de-perfil-modified-768x768.png 768w\" sizes=\"(max-width: 690px) 100vw, 690px\" \/>\t\t\t\t\t\t\t\t\t\t\t\t\t\t\t<\/div>\n\t\t\t\t<\/div>\n\t\t\t\t<div class=\"elementor-element elementor-element-a2c4b0b elementor-widget elementor-widget-text-editor\" data-id=\"a2c4b0b\" data-element_type=\"widget\" data-widget_type=\"text-editor.default\">\n\t\t\t\t<div class=\"elementor-widget-container\">\n\t\t\t\t\t\t\t\t\t<p id=\"u6689-2\"><strong>Ana Mar\u00eda Berm\u00fadez<\/strong><br \/><br \/>Es editora en <strong><a href=\"https:\/\/editamos.com.mx\/BecaGrijalbo\/penguin-random-house\/\">PRH M\u00e9xico<\/a><\/strong>, presidenta del Comit\u00e9 J\u00f3venes Caniem y profesora del m\u00e1ster en Gesti\u00f3n Editorial y Marketing Digital de la Universidad de Alcal\u00e1. <\/p><p>Estudi\u00f3 Ling\u00fc\u00edstica y Literatura Hisp\u00e1nica en la <strong>BUAP<\/strong> y el m\u00e1ster en Edici\u00f3n digital por la <strong>UOC<\/strong>. Con su &#8220;Gu\u00eda para la implementaci\u00f3n de la edici\u00f3n universal en editoriales mexicanas&#8221;, su participaci\u00f3n en congresos internacionales y su iniciativa de formaci\u00f3n para editores BookAlly, se ha convertido en una de las voces mexicanas que impulsan la adopci\u00f3n de la accesibilidad editorial a nivel internacional.<\/p>\t\t\t\t\t\t\t\t<\/div>\n\t\t\t\t<\/div>\n\t\t\t\t\t<\/div>\n\t\t\t\t<\/div>\n\t\t\t\t<\/div>\n\t\t","protected":false},"excerpt":{"rendered":"<p>Ana Mar\u00eda Berm\u00fadez Es editora en PRH M\u00e9xico, presidenta del Comit\u00e9 J\u00f3venes Caniem y profesora del m\u00e1ster en Gesti\u00f3n Editorial y Marketing Digital de la Universidad de Alcal\u00e1. Estudi\u00f3 Ling\u00fc\u00edstica <a class=\"more-link\" href=\"https:\/\/editamos.com.mx\/BecaGrijalbo\/ana-maria-bermudez\/\">Seguir leyendo &rarr;<\/a><\/p>\n","protected":false},"author":1,"featured_media":0,"parent":0,"menu_order":0,"comment_status":"closed","ping_status":"closed","template":"elementor_header_footer","meta":{"footnotes":""},"class_list":["post-1214","page","type-page","status-publish","hentry"],"_links":{"self":[{"href":"https:\/\/editamos.com.mx\/BecaGrijalbo\/wp-json\/wp\/v2\/pages\/1214","targetHints":{"allow":["GET"]}}],"collection":[{"href":"https:\/\/editamos.com.mx\/BecaGrijalbo\/wp-json\/wp\/v2\/pages"}],"about":[{"href":"https:\/\/editamos.com.mx\/BecaGrijalbo\/wp-json\/wp\/v2\/types\/page"}],"author":[{"embeddable":true,"href":"https:\/\/editamos.com.mx\/BecaGrijalbo\/wp-json\/wp\/v2\/users\/1"}],"replies":[{"embeddable":true,"href":"https:\/\/editamos.com.mx\/BecaGrijalbo\/wp-json\/wp\/v2\/comments?post=1214"}],"version-history":[{"count":10,"href":"https:\/\/editamos.com.mx\/BecaGrijalbo\/wp-json\/wp\/v2\/pages\/1214\/revisions"}],"predecessor-version":[{"id":1783,"href":"https:\/\/editamos.com.mx\/BecaGrijalbo\/wp-json\/wp\/v2\/pages\/1214\/revisions\/1783"}],"wp:attachment":[{"href":"https:\/\/editamos.com.mx\/BecaGrijalbo\/wp-json\/wp\/v2\/media?parent=1214"}],"curies":[{"name":"wp","href":"https:\/\/api.w.org\/{rel}","templated":true}]}}