{"id":1080,"date":"2024-07-16T21:46:22","date_gmt":"2024-07-16T21:46:22","guid":{"rendered":"https:\/\/editamos.com.mx\/BecaGrijalbo\/?page_id=1080"},"modified":"2024-07-16T21:51:40","modified_gmt":"2024-07-16T21:51:40","slug":"aviso-de-privacidad","status":"publish","type":"page","link":"https:\/\/editamos.com.mx\/BecaGrijalbo\/aviso-de-privacidad\/","title":{"rendered":"Aviso de Privacidad"},"content":{"rendered":"\t\t<div data-elementor-type=\"wp-page\" data-elementor-id=\"1080\" class=\"elementor elementor-1080\">\n\t\t\t\t<div class=\"elementor-element elementor-element-7057cf3 e-flex e-con-boxed e-con e-parent\" data-id=\"7057cf3\" data-element_type=\"container\">\n\t\t\t\t\t<div class=\"e-con-inner\">\n\t\t\t\t<div class=\"elementor-element elementor-element-e565f77 elementor-widget elementor-widget-heading\" data-id=\"e565f77\" data-element_type=\"widget\" data-widget_type=\"heading.default\">\n\t\t\t\t<div class=\"elementor-widget-container\">\n\t\t\t\t\t<h2 class=\"elementor-heading-title elementor-size-default\">AVISO DE PRIVACIDAD. BECA JUAN GRIJALBO<\/h2>\t\t\t\t<\/div>\n\t\t\t\t<\/div>\n\t\t\t\t\t<\/div>\n\t\t\t\t<\/div>\n\t\t<div class=\"elementor-element elementor-element-0790fd6 e-flex e-con-boxed e-con e-parent\" data-id=\"0790fd6\" data-element_type=\"container\">\n\t\t\t\t\t<div class=\"e-con-inner\">\n\t\t\t\t<div class=\"elementor-element elementor-element-b4f9022 elementor-widget elementor-widget-text-editor\" data-id=\"b4f9022\" data-element_type=\"widget\" data-widget_type=\"text-editor.default\">\n\t\t\t\t<div class=\"elementor-widget-container\">\n\t\t\t\t\t\t\t\t\t<p>El presente aviso de privacidad se pone a disposici\u00f3n de los usuarios que entreguen datos o informaci\u00f3n de car\u00e1cter personal a la C\u00c1MARA NACIONAL DE LA INDUSTRIA EDITORIAL MEXICANA y\/o PENGUIN RANDOM HOUSE GRUPO EDITORIAL S.A. DE C.V. de manera conjunta, esto derivado de la convocatoria para la BECA JUAN GRIJALBO.<\/p><p><strong>Identidad y domicilio de \u201cLos Responsables\u201d del tratamiento de sus datos personales:<\/strong><\/p><p>PENGUIN RANDOM HOUSE GRUPO EDITORIAL S.A. DE C.V. y la C\u00c1MARA NACIONAL DE LA INDUSTRIA EDITORIAL MEXICANA, en lo sucesivo \u201cLos Responsables\u201d, con domicilio en Holanda 13, Col. San Diego Churubusco; Ciudad de M\u00e9xico, C.P. 04120 y Boulevard Miguel de Cervantes Saavedra No. 301, Col. Ampliaci\u00f3n Granada, Alc. Miguel Hidalgo, Ciudad de M\u00e9xico, C.P. 11520, respectivamente, son responsables del tratamiento de sus datos.<\/p><p><strong>Datos personales que ser\u00e1n sometidos a tratamiento:<\/strong><\/p><p>\u201cLos Responsables\u201d para cumplir con las finalidades descritas en el presente aviso, tratar\u00e1 los siguientes datos personales obtenidos por medios electr\u00f3nicos o f\u00edsicos:<\/p><ul><li>\u00a0Nombre<\/li><li>\u00a0Correo electr\u00f3nico<\/li><li>\u00a0Tel\u00e9fono<\/li><\/ul><p>Al cumplimentar cualquiera de nuestros formularios destinados a la promoci\u00f3n de la BECA JUAN GRIJALBO (\u201cLa Beca\u201d), usted acepta y autoriza a \u201cLos Responsables\u201d a utilizar y tratar de forma automatizada sus Datos Personales e informaci\u00f3n suministrada, los cuales formar\u00e1n parte de nuestra base de datos con la finalidad de:<\/p><p><strong>Finalidades del tratamiento de datos<\/strong><\/p><p><strong>a) Finalidades primarias<\/strong><\/p><ul><li>\u00a0Contacto para proveer informaci\u00f3n adicional sobre \u201cLa Beca\u201d<\/li><li>\u00a0Inscripci\u00f3n y seguimiento para \u201cLa Beca\u201d<\/li><li>\u00a0Dar cumplimiento a obligaciones contra\u00eddas con usted derivado del presente aviso<\/li><li>\u00a0Evaluar la calidad del servicio<\/li><li>\u00a0Generaci\u00f3n de m\u00e9tricas sobre h\u00e1bitos de consumo en nuestro portal<\/li><\/ul><p>\u00a0<\/p><p><strong>b) Finalidades secundarias<\/strong><\/p><ul><li>\u00a0Enviar encuestas para mejorar continuamente los productos y\/o servicios que ofrecemos.<\/li><li>\u00a0Enviar promociones y publicidad relativa a nuestros productos o servicios, ya sea a trav\u00e9s de correo electr\u00f3nico, por medio de mensajes a tu celular o por medio de redes sociales.<\/li><li>\u00a0Invitaciones para eventos, presentaciones, actividades, promociones, concursos, sorteos y din\u00e1micas lanzadas por \u201cLos Responsables\u201d.<\/li><\/ul><p>\u00a0<\/p><p><strong>Transferencia de datos personales:<\/strong><\/p><p>Para cumplir las finalidades anteriormente descritas o aquellas exigidas legalmente o por las autoridades competentes, \u201cLos Responsables\u201d s\u00f3lo transferir\u00e1n los datos personales que sean necesarios en los casos legalmente previstos en La Ley.<\/p><p><strong>Ejercicio de Derechos ARCO:<\/strong><\/p><p>Usted o su representante legal podr\u00e1n ejercer sus derechos de acceso, rectificaci\u00f3n, cancelaci\u00f3n y oposici\u00f3n en lo sucesivo \u201cDERECHOS ARCO\u201d, enviando la solicitud a los correos: contactobeca@editamos.com.mx y datospersonales@penguinrandomhouse.com. La solicitud deber\u00e1 contener:<\/p><ul><li>\u00a0Su nombre y domicilio u otro medio para comunicar la respuesta a su solicitud.<\/li><li>\u00a0La descripci\u00f3n clara y precisa de los datos personales sobre los cuales desea ejercer alguno de los \u201cDERECHOS ARCO\u201d.<\/li><li>\u00a0Cualquier otro elemento o documento que facilite la localizaci\u00f3n de los datos personales.<\/li><\/ul><p>As\u00ed mismo deber\u00e1 acompa\u00f1ar alg\u00fan documento que acredite su identidad o la representaci\u00f3n legal del titular.<\/p><p>En caso de que la informaci\u00f3n proporcionada en la solicitud sea err\u00f3nea o no tenga informaci\u00f3n suficiente, o no se acompa\u00f1en los documentos que acrediten la identidad, \u201cLos Responsables\u201d, dentro de los 5(cinco) d\u00edas h\u00e1biles siguientes a la recepci\u00f3n de la solicitud, podr\u00e1 requerir que aporte los elementos o documentos necesarios para dar tr\u00e1mite a su solicitud. Usted contar\u00e1 con 10 (diez) d\u00edas h\u00e1biles para atender el requerimiento, contados a partir de que la recepci\u00f3n de este. En caso de no dar respuesta al requerimiento, se tendr\u00e1 por no presentada la solicitud.<\/p><p>\u201cLos Responsables\u201d le comunicar\u00e1n la determinaci\u00f3n adoptada.<\/p><p>Limitaci\u00f3n y\/o revocaci\u00f3n del consentimiento:<\/p><p>Usted podr\u00e1 limitar el uso o divulgaci\u00f3n de sus datos personales o revocar el consentimiento para su tratamiento, enviando su solicitud a los correos contactobeca@editamos.com.mx y datospersonales@penguinrandomhouse.com, as\u00ed mismo, podr\u00e1, si as\u00ed lo desea, revocar el consentimiento otorgado a \u201cLos Responsables\u201d, en caso de que su solicitud sea procedente, siempre y cuando no suponga la imposibilidad de cumplir obligaciones derivadas de una relaci\u00f3n jur\u00eddica vigente entre usted y \u201cLos Responsables\u201d. El procedimiento ser\u00e1 el mismo establecido en el inciso anterior para el ejercicio de \u201cDERECHOS ARCO\u201d.<\/p><p>Con independencia del ejercicio de derechos ARCO, en cada uno de nuestros correos\/comunicaciones referentes a las finalidades secundarias, usted encontrar\u00e1 la opci\u00f3n de<em>\u00a0unsubscribe o darse de baja.<\/em><\/p><p><strong>Modificaciones o actualizaciones al Aviso de Privacidad:<\/strong><\/p><p>\u201cLos Responsables\u201d le notificar\u00e1n cualquier cambio o modificaci\u00f3n a su aviso de privacidad en el portal de \u201cLa Beca\u201d.<\/p><p><strong>Uso de cookies:<\/strong><\/p><p>Con el fin de ofrecerle un servicio m\u00e1s personalizado y responsable, almacenamos informaci\u00f3n sobre c\u00f3mo utiliza este sitio web. Esto se hace mediante un peque\u00f1o archivo de texto llamado cookie. Las cookies contienen peque\u00f1as cantidades de informaci\u00f3n y se descargan en su ordenador u otro dispositivo por un servidor de este sitio web. Su navegador env\u00eda estas cookies de nuevo a este sitio web en cada visita posterior para que pueda reconocerle y recordar cosas como las preferencias de usuario. Al utilizar este sitio web, usted acepta el uso de cookies.<\/p><p style=\"text-align: right;\"><strong>Fecha de \u00faltima actualizaci\u00f3n: Julio 2024.<\/strong><\/p>\t\t\t\t\t\t\t\t<\/div>\n\t\t\t\t<\/div>\n\t\t\t\t\t<\/div>\n\t\t\t\t<\/div>\n\t\t\t\t<\/div>\n\t\t","protected":false},"excerpt":{"rendered":"<p>AVISO DE PRIVACIDAD. BECA JUAN GRIJALBO El presente aviso de privacidad se pone a disposici\u00f3n de los usuarios que entreguen datos o informaci\u00f3n de car\u00e1cter personal a la C\u00c1MARA NACIONAL <a class=\"more-link\" href=\"https:\/\/editamos.com.mx\/BecaGrijalbo\/aviso-de-privacidad\/\">Seguir leyendo &rarr;<\/a><\/p>\n","protected":false},"author":1,"featured_media":0,"parent":0,"menu_order":0,"comment_status":"closed","ping_status":"closed","template":"elementor_header_footer","meta":{"footnotes":""},"class_list":["post-1080","page","type-page","status-publish","hentry"],"_links":{"self":[{"href":"https:\/\/editamos.com.mx\/BecaGrijalbo\/wp-json\/wp\/v2\/pages\/1080","targetHints":{"allow":["GET"]}}],"collection":[{"href":"https:\/\/editamos.com.mx\/BecaGrijalbo\/wp-json\/wp\/v2\/pages"}],"about":[{"href":"https:\/\/editamos.com.mx\/BecaGrijalbo\/wp-json\/wp\/v2\/types\/page"}],"author":[{"embeddable":true,"href":"https:\/\/editamos.com.mx\/BecaGrijalbo\/wp-json\/wp\/v2\/users\/1"}],"replies":[{"embeddable":true,"href":"https:\/\/editamos.com.mx\/BecaGrijalbo\/wp-json\/wp\/v2\/comments?post=1080"}],"version-history":[{"count":10,"href":"https:\/\/editamos.com.mx\/BecaGrijalbo\/wp-json\/wp\/v2\/pages\/1080\/revisions"}],"predecessor-version":[{"id":1090,"href":"https:\/\/editamos.com.mx\/BecaGrijalbo\/wp-json\/wp\/v2\/pages\/1080\/revisions\/1090"}],"wp:attachment":[{"href":"https:\/\/editamos.com.mx\/BecaGrijalbo\/wp-json\/wp\/v2\/media?parent=1080"}],"curies":[{"name":"wp","href":"https:\/\/api.w.org\/{rel}","templated":true}]}}